{"id":5677,"date":"2017-04-03T11:32:10","date_gmt":"2017-04-03T11:32:10","guid":{"rendered":"https:\/\/www.elibron.com\/catalog\/product\/du-parti-quon-pourrait-tirer-dune-expedition-dalger-ou-de-la-possibilite-de-fonder-dans-le-bassin-de-la-mediterranee-un-nouveau-systeme-colonial-et-maritime\/"},"modified":"2017-04-06T01:21:46","modified_gmt":"2017-04-06T01:21:46","slug":"du-parti-quon-pourrait-tirer-dune-expedition-dalger-ou-de-la-possibilite-de-fonder-dans-le-bassin-de-la-mediterranee-un-nouveau-systeme-colonial-et-maritime","status":"publish","type":"product","link":"https:\/\/www.elibron.com\/catalog\/product\/du-parti-quon-pourrait-tirer-dune-expedition-dalger-ou-de-la-possibilite-de-fonder-dans-le-bassin-de-la-mediterranee-un-nouveau-systeme-colonial-et-maritime\/","title":{"rendered":"Du parti qu&#8217;on pourrait tirer d&#8217;une exp\u00e9dition d&#8217;Alger. Ou de la possibilit\u00e9 de fonder dans le bassin de la M\u00e9diterran\u00e9e un nouveau syst\u00e8me colonial et maritime"},"content":{"rendered":"<aside class=\"mashsb-container mashsb-main mashsb-stretched\"><div class=\"mashsb-box\"><div class=\"mashsb-buttons\"><a  class=\"mashicon-facebook mash-large mash-center mashsb-noshadow\" href=\"https:\/\/www.facebook.com\/sharer.php?u=https%3A%2F%2Fwww.elibron.com%2Fcatalog%2Fproduct%2Fdu-parti-quon-pourrait-tirer-dune-expedition-dalger-ou-de-la-possibilite-de-fonder-dans-le-bassin-de-la-mediterranee-un-nouveau-systeme-colonial-et-maritime%2F\" target=\"_blank\" rel=\"noopener nofollow\"><span class=\"icon\"><\/span><span class=\"text\">Share<\/span><\/a><a  class=\"mashicon-twitter mash-large mash-center mashsb-noshadow\" href=\"https:\/\/twitter.com\/intent\/tweet?text=&url=https:\/\/www.elibron.com\/catalog\/product\/du-parti-quon-pourrait-tirer-dune-expedition-dalger-ou-de-la-possibilite-de-fonder-dans-le-bassin-de-la-mediterranee-un-nouveau-systeme-colonial-et-maritime\/&via=ElibronBooks\" target=\"_blank\" rel=\"noopener nofollow\"><span class=\"icon\"><\/span><span class=\"text\">Tweet<\/span><\/a><div class=\"onoffswitch2 mash-large mashsb-noshadow\" style=\"display:none;\"><\/div><\/div>\r\n            <\/div>\r\n                <div style=\"clear:both;\"><\/div><div class=\"mashsb-toggle-container\"><\/div><\/aside>\r\n            <!-- Share buttons by mashshare.net - Version: 3.5.7-->","protected":false},"excerpt":{"rendered":"","protected":false},"featured_media":5678,"comment_status":"closed","ping_status":"open","template":"","meta":{"_acf_changed":false,"jetpack_post_was_ever_published":false,"jetpack_publicize_message":"","jetpack_publicize_feature_enabled":true,"jetpack_social_post_already_shared":false,"jetpack_social_options":{"image_generator_settings":{"template":"highway","enabled":false},"version":2}},"product_brand":[],"product_cat":[2430,6,2356,2355,2403,2366],"product_tag":[270,79,74,199,94],"class_list":{"0":"post-5677","1":"product","2":"type-product","3":"status-publish","4":"has-post-thumbnail","6":"product_cat-africa","7":"product_cat-books","8":"product_cat-europe-books","9":"product_cat-history-books","10":"product_cat-politics-political-science-books","11":"product_cat-society-social-sciences-books","12":"product_tag-africa","13":"product_tag-europe","14":"product_tag-history","15":"product_tag-politics-political-science","16":"product_tag-society-social-sciences","18":"first","19":"instock","20":"purchasable","21":"product-type-simple"},"jetpack_publicize_connections":[],"acf":[],"jetpack_sharing_enabled":true,"_links":{"self":[{"href":"https:\/\/www.elibron.com\/catalog\/wp-json\/wp\/v2\/product\/5677","targetHints":{"allow":["GET"]}}],"collection":[{"href":"https:\/\/www.elibron.com\/catalog\/wp-json\/wp\/v2\/product"}],"about":[{"href":"https:\/\/www.elibron.com\/catalog\/wp-json\/wp\/v2\/types\/product"}],"replies":[{"embeddable":true,"href":"https:\/\/www.elibron.com\/catalog\/wp-json\/wp\/v2\/comments?post=5677"}],"wp:featuredmedia":[{"embeddable":true,"href":"https:\/\/www.elibron.com\/catalog\/wp-json\/wp\/v2\/media\/5678"}],"wp:attachment":[{"href":"https:\/\/www.elibron.com\/catalog\/wp-json\/wp\/v2\/media?parent=5677"}],"wp:term":[{"taxonomy":"product_brand","embeddable":true,"href":"https:\/\/www.elibron.com\/catalog\/wp-json\/wp\/v2\/product_brand?post=5677"},{"taxonomy":"product_cat","embeddable":true,"href":"https:\/\/www.elibron.com\/catalog\/wp-json\/wp\/v2\/product_cat?post=5677"},{"taxonomy":"product_tag","embeddable":true,"href":"https:\/\/www.elibron.com\/catalog\/wp-json\/wp\/v2\/product_tag?post=5677"}],"curies":[{"name":"wp","href":"https:\/\/api.w.org\/{rel}","templated":true}]}}