{"id":53935,"date":"2017-04-05T15:55:38","date_gmt":"2017-04-05T15:55:38","guid":{"rendered":"https:\/\/www.elibron.com\/catalog\/product\/lexpedition-de-crimee-la-marine-francaise-dans-la-mer-noire-et-la-baltique-chroniques-maritimes-de-la-guerre-dorient-tome-2\/"},"modified":"2017-04-06T10:31:01","modified_gmt":"2017-04-06T10:31:01","slug":"lexpedition-de-crimee-la-marine-francaise-dans-la-mer-noire-et-la-baltique-chroniques-maritimes-de-la-guerre-dorient-tome-2","status":"publish","type":"product","link":"https:\/\/www.elibron.com\/catalog\/product\/lexpedition-de-crimee-la-marine-francaise-dans-la-mer-noire-et-la-baltique-chroniques-maritimes-de-la-guerre-dorient-tome-2\/","title":{"rendered":"L&#8217;exp\u00e9dition de Crim\u00e9e; la marine fran\u00e7aise dans la Mer Noire et la Baltique. Chroniques maritimes de la guerre d&#8217;Orient. Tome 2"},"content":{"rendered":"<aside class=\"mashsb-container mashsb-main mashsb-stretched\"><div class=\"mashsb-box\"><div class=\"mashsb-buttons\"><a  class=\"mashicon-facebook mash-large mash-center mashsb-noshadow\" href=\"https:\/\/www.facebook.com\/sharer.php?u=https%3A%2F%2Fwww.elibron.com%2Fcatalog%2Fproduct%2Flexpedition-de-crimee-la-marine-francaise-dans-la-mer-noire-et-la-baltique-chroniques-maritimes-de-la-guerre-dorient-tome-2%2F\" target=\"_blank\" rel=\"noopener nofollow\"><span class=\"icon\"><\/span><span class=\"text\">Share<\/span><\/a><a  class=\"mashicon-twitter mash-large mash-center mashsb-noshadow\" href=\"https:\/\/twitter.com\/intent\/tweet?text=&url=https:\/\/www.elibron.com\/catalog\/product\/lexpedition-de-crimee-la-marine-francaise-dans-la-mer-noire-et-la-baltique-chroniques-maritimes-de-la-guerre-dorient-tome-2\/&via=ElibronBooks\" target=\"_blank\" rel=\"noopener nofollow\"><span class=\"icon\"><\/span><span class=\"text\">Tweet<\/span><\/a><div class=\"onoffswitch2 mash-large mashsb-noshadow\" style=\"display:none;\"><\/div><\/div>\r\n            <\/div>\r\n                <div style=\"clear:both;\"><\/div><div class=\"mashsb-toggle-container\"><\/div><\/aside>\r\n            <!-- Share buttons by mashshare.net - Version: 3.5.7-->","protected":false},"excerpt":{"rendered":"","protected":false},"featured_media":53936,"comment_status":"closed","ping_status":"open","template":"","meta":{"_acf_changed":false,"jetpack_post_was_ever_published":false,"jetpack_publicize_message":"","jetpack_publicize_feature_enabled":true,"jetpack_social_post_already_shared":false,"jetpack_social_options":{"image_generator_settings":{"template":"highway","enabled":false},"version":2}},"product_brand":[],"product_cat":[6,2356,2355,2417],"product_tag":[79,74,357],"class_list":{"0":"post-53935","1":"product","2":"type-product","3":"status-publish","4":"has-post-thumbnail","6":"product_cat-books","7":"product_cat-europe-books","8":"product_cat-history-books","9":"product_cat-russia-books","10":"product_tag-europe","11":"product_tag-history","12":"product_tag-russia","14":"first","15":"instock","16":"purchasable","17":"product-type-simple"},"jetpack_publicize_connections":[],"acf":[],"jetpack_sharing_enabled":true,"_links":{"self":[{"href":"https:\/\/www.elibron.com\/catalog\/wp-json\/wp\/v2\/product\/53935","targetHints":{"allow":["GET"]}}],"collection":[{"href":"https:\/\/www.elibron.com\/catalog\/wp-json\/wp\/v2\/product"}],"about":[{"href":"https:\/\/www.elibron.com\/catalog\/wp-json\/wp\/v2\/types\/product"}],"replies":[{"embeddable":true,"href":"https:\/\/www.elibron.com\/catalog\/wp-json\/wp\/v2\/comments?post=53935"}],"wp:featuredmedia":[{"embeddable":true,"href":"https:\/\/www.elibron.com\/catalog\/wp-json\/wp\/v2\/media\/53936"}],"wp:attachment":[{"href":"https:\/\/www.elibron.com\/catalog\/wp-json\/wp\/v2\/media?parent=53935"}],"wp:term":[{"taxonomy":"product_brand","embeddable":true,"href":"https:\/\/www.elibron.com\/catalog\/wp-json\/wp\/v2\/product_brand?post=53935"},{"taxonomy":"product_cat","embeddable":true,"href":"https:\/\/www.elibron.com\/catalog\/wp-json\/wp\/v2\/product_cat?post=53935"},{"taxonomy":"product_tag","embeddable":true,"href":"https:\/\/www.elibron.com\/catalog\/wp-json\/wp\/v2\/product_tag?post=53935"}],"curies":[{"name":"wp","href":"https:\/\/api.w.org\/{rel}","templated":true}]}}