{"id":52553,"date":"2017-04-05T14:32:42","date_gmt":"2017-04-05T14:32:42","guid":{"rendered":"https:\/\/www.elibron.com\/catalog\/product\/journal-asiatique-ou-recueil-de-memoires-dextraits-et-de-notices-relatifs-a-lhistoire-a-la-philosophie-aux-sciences-a-la-litterature-et-aux-langues-des-peuples-orientaux-publie-par-la-so\/"},"modified":"2017-04-06T10:18:26","modified_gmt":"2017-04-06T10:18:26","slug":"journal-asiatique-ou-recueil-de-memoires-dextraits-et-de-notices-relatifs-a-lhistoire-a-la-philosophie-aux-sciences-a-la-litterature-et-aux-langues-des-peuples-orientaux-publie-par-la-so","status":"publish","type":"product","link":"https:\/\/www.elibron.com\/catalog\/product\/journal-asiatique-ou-recueil-de-memoires-dextraits-et-de-notices-relatifs-a-lhistoire-a-la-philosophie-aux-sciences-a-la-litterature-et-aux-langues-des-peuples-orientaux-publie-par-la-so\/","title":{"rendered":"Journal asiatique, ou Recueil de m\u00e9moires, d&#8217;extraits et de notices relatifs \u00e0 l&#8217;histoire, \u00e0 la philosophie, aux sciences, \u00e0 la litt\u00e9rature et aux langues des peuples orientaux. [&#8230;] Publi\u00e9 par la Soci\u00e9t\u00e9 Asiatique. Tome 1"},"content":{"rendered":"<aside class=\"mashsb-container mashsb-main mashsb-stretched\"><div class=\"mashsb-box\"><div class=\"mashsb-buttons\"><a  class=\"mashicon-facebook mash-large mash-center mashsb-noshadow\" href=\"https:\/\/www.facebook.com\/sharer.php?u=https%3A%2F%2Fwww.elibron.com%2Fcatalog%2Fproduct%2Fjournal-asiatique-ou-recueil-de-memoires-dextraits-et-de-notices-relatifs-a-lhistoire-a-la-philosophie-aux-sciences-a-la-litterature-et-aux-langues-des-peuples-orientaux-publie-par-la-so%2F\" target=\"_blank\" rel=\"noopener nofollow\"><span class=\"icon\"><\/span><span class=\"text\">Share<\/span><\/a><a  class=\"mashicon-twitter mash-large mash-center mashsb-noshadow\" href=\"https:\/\/twitter.com\/intent\/tweet?text=&url=https:\/\/www.elibron.com\/catalog\/product\/journal-asiatique-ou-recueil-de-memoires-dextraits-et-de-notices-relatifs-a-lhistoire-a-la-philosophie-aux-sciences-a-la-litterature-et-aux-langues-des-peuples-orientaux-publie-par-la-so\/&via=ElibronBooks\" target=\"_blank\" rel=\"noopener nofollow\"><span class=\"icon\"><\/span><span class=\"text\">Tweet<\/span><\/a><div class=\"onoffswitch2 mash-large mashsb-noshadow\" style=\"display:none;\"><\/div><\/div>\r\n            <\/div>\r\n                <div style=\"clear:both;\"><\/div><div class=\"mashsb-toggle-container\"><\/div><\/aside>\r\n            <!-- Share buttons by mashshare.net - Version: 3.5.7-->","protected":false},"excerpt":{"rendered":"","protected":false},"featured_media":52554,"comment_status":"closed","ping_status":"open","template":"","meta":{"_acf_changed":false,"jetpack_post_was_ever_published":false,"jetpack_publicize_message":"","jetpack_publicize_feature_enabled":true,"jetpack_social_post_already_shared":false,"jetpack_social_options":{"image_generator_settings":{"template":"highway","enabled":false},"version":2}},"product_brand":[],"product_cat":[2395,2419,6,2451,2355,2361,2394,2365],"product_tag":[175,237,365,74,84,224,91],"class_list":{"0":"post-52553","1":"product","2":"type-product","3":"status-publish","4":"has-post-thumbnail","6":"product_cat-almanacs-annuals","7":"product_cat-asia-books","8":"product_cat-books","9":"product_cat-eastern-books","10":"product_cat-history-books","11":"product_cat-philosophy-books","12":"product_cat-reference-books","13":"product_cat-sciences-books","14":"product_tag-almanacs-annuals","15":"product_tag-asia","16":"product_tag-eastern","17":"product_tag-history","18":"product_tag-philosophy","19":"product_tag-reference","20":"product_tag-sciences","22":"first","23":"instock","24":"purchasable","25":"product-type-simple"},"jetpack_publicize_connections":[],"acf":[],"jetpack_sharing_enabled":true,"_links":{"self":[{"href":"https:\/\/www.elibron.com\/catalog\/wp-json\/wp\/v2\/product\/52553","targetHints":{"allow":["GET"]}}],"collection":[{"href":"https:\/\/www.elibron.com\/catalog\/wp-json\/wp\/v2\/product"}],"about":[{"href":"https:\/\/www.elibron.com\/catalog\/wp-json\/wp\/v2\/types\/product"}],"replies":[{"embeddable":true,"href":"https:\/\/www.elibron.com\/catalog\/wp-json\/wp\/v2\/comments?post=52553"}],"wp:featuredmedia":[{"embeddable":true,"href":"https:\/\/www.elibron.com\/catalog\/wp-json\/wp\/v2\/media\/52554"}],"wp:attachment":[{"href":"https:\/\/www.elibron.com\/catalog\/wp-json\/wp\/v2\/media?parent=52553"}],"wp:term":[{"taxonomy":"product_brand","embeddable":true,"href":"https:\/\/www.elibron.com\/catalog\/wp-json\/wp\/v2\/product_brand?post=52553"},{"taxonomy":"product_cat","embeddable":true,"href":"https:\/\/www.elibron.com\/catalog\/wp-json\/wp\/v2\/product_cat?post=52553"},{"taxonomy":"product_tag","embeddable":true,"href":"https:\/\/www.elibron.com\/catalog\/wp-json\/wp\/v2\/product_tag?post=52553"}],"curies":[{"name":"wp","href":"https:\/\/api.w.org\/{rel}","templated":true}]}}