{"id":50669,"date":"2017-04-05T12:43:17","date_gmt":"2017-04-05T12:43:17","guid":{"rendered":"https:\/\/www.elibron.com\/catalog\/product\/die-einzelhaft-nach-fremden-und-sechsjahrigen-eigenen-erfahrungen-im-neuen-mannerzuchthause-in-bruchsal-von-dem-director-desselben-j-fuesslin\/"},"modified":"2017-04-06T10:01:15","modified_gmt":"2017-04-06T10:01:15","slug":"die-einzelhaft-nach-fremden-und-sechsjahrigen-eigenen-erfahrungen-im-neuen-mannerzuchthause-in-bruchsal-von-dem-director-desselben-j-fuesslin","status":"publish","type":"product","link":"https:\/\/www.elibron.com\/catalog\/product\/die-einzelhaft-nach-fremden-und-sechsjahrigen-eigenen-erfahrungen-im-neuen-mannerzuchthause-in-bruchsal-von-dem-director-desselben-j-fuesslin\/","title":{"rendered":"Die Einzelhaft nach fremden und sechsj\u00e4hrigen eigenen Erfahrungen im neuen M\u00e4nnerzuchthause in Bruchsal. Von dem Director desselben J. F\u00fcesslin"},"content":{"rendered":"<aside class=\"mashsb-container mashsb-main mashsb-stretched\"><div class=\"mashsb-box\"><div class=\"mashsb-buttons\"><a  class=\"mashicon-facebook mash-large mash-center mashsb-noshadow\" href=\"https:\/\/www.facebook.com\/sharer.php?u=https%3A%2F%2Fwww.elibron.com%2Fcatalog%2Fproduct%2Fdie-einzelhaft-nach-fremden-und-sechsjahrigen-eigenen-erfahrungen-im-neuen-mannerzuchthause-in-bruchsal-von-dem-director-desselben-j-fuesslin%2F\" target=\"_blank\" rel=\"noopener nofollow\"><span class=\"icon\"><\/span><span class=\"text\">Share<\/span><\/a><a  class=\"mashicon-twitter mash-large mash-center mashsb-noshadow\" href=\"https:\/\/twitter.com\/intent\/tweet?text=&url=https:\/\/www.elibron.com\/catalog\/product\/die-einzelhaft-nach-fremden-und-sechsjahrigen-eigenen-erfahrungen-im-neuen-mannerzuchthause-in-bruchsal-von-dem-director-desselben-j-fuesslin\/&via=ElibronBooks\" target=\"_blank\" rel=\"noopener nofollow\"><span class=\"icon\"><\/span><span class=\"text\">Tweet<\/span><\/a><div class=\"onoffswitch2 mash-large mashsb-noshadow\" style=\"display:none;\"><\/div><\/div>\r\n            <\/div>\r\n                <div style=\"clear:both;\"><\/div><div class=\"mashsb-toggle-container\"><\/div><\/aside>\r\n            <!-- Share buttons by mashshare.net - Version: 3.5.7-->","protected":false},"excerpt":{"rendered":"","protected":false},"featured_media":50670,"comment_status":"closed","ping_status":"open","template":"","meta":{"_acf_changed":false,"jetpack_post_was_ever_published":false,"jetpack_publicize_message":"","jetpack_publicize_feature_enabled":true,"jetpack_social_post_already_shared":false,"jetpack_social_options":{"image_generator_settings":{"template":"highway","enabled":false},"version":2}},"product_brand":[],"product_cat":[6,2435,2340],"product_tag":[291,17],"class_list":{"0":"post-50669","1":"product","2":"type-product","3":"status-publish","4":"has-post-thumbnail","6":"product_cat-books","7":"product_cat-criminal-books","8":"product_cat-law-books","9":"product_tag-criminal","10":"product_tag-law","12":"first","13":"instock","14":"purchasable","15":"product-type-simple"},"jetpack_publicize_connections":[],"acf":[],"jetpack_sharing_enabled":true,"_links":{"self":[{"href":"https:\/\/www.elibron.com\/catalog\/wp-json\/wp\/v2\/product\/50669","targetHints":{"allow":["GET"]}}],"collection":[{"href":"https:\/\/www.elibron.com\/catalog\/wp-json\/wp\/v2\/product"}],"about":[{"href":"https:\/\/www.elibron.com\/catalog\/wp-json\/wp\/v2\/types\/product"}],"replies":[{"embeddable":true,"href":"https:\/\/www.elibron.com\/catalog\/wp-json\/wp\/v2\/comments?post=50669"}],"wp:featuredmedia":[{"embeddable":true,"href":"https:\/\/www.elibron.com\/catalog\/wp-json\/wp\/v2\/media\/50670"}],"wp:attachment":[{"href":"https:\/\/www.elibron.com\/catalog\/wp-json\/wp\/v2\/media?parent=50669"}],"wp:term":[{"taxonomy":"product_brand","embeddable":true,"href":"https:\/\/www.elibron.com\/catalog\/wp-json\/wp\/v2\/product_brand?post=50669"},{"taxonomy":"product_cat","embeddable":true,"href":"https:\/\/www.elibron.com\/catalog\/wp-json\/wp\/v2\/product_cat?post=50669"},{"taxonomy":"product_tag","embeddable":true,"href":"https:\/\/www.elibron.com\/catalog\/wp-json\/wp\/v2\/product_tag?post=50669"}],"curies":[{"name":"wp","href":"https:\/\/api.w.org\/{rel}","templated":true}]}}