{"id":50589,"date":"2017-04-05T12:38:52","date_gmt":"2017-04-05T12:38:52","guid":{"rendered":"https:\/\/www.elibron.com\/catalog\/product\/maurice-de-guerin-journal-lettres-et-poemes-publies-avec-lassentiment-de-sa-famille-par-g-s-trebutien-et-precedes-dune-etude-biographique-et-litteraire-par-m-sainte-beuve\/"},"modified":"2017-04-06T10:00:29","modified_gmt":"2017-04-06T10:00:29","slug":"maurice-de-guerin-journal-lettres-et-poemes-publies-avec-lassentiment-de-sa-famille-par-g-s-trebutien-et-precedes-dune-etude-biographique-et-litteraire-par-m-sainte-beuve","status":"publish","type":"product","link":"https:\/\/www.elibron.com\/catalog\/product\/maurice-de-guerin-journal-lettres-et-poemes-publies-avec-lassentiment-de-sa-famille-par-g-s-trebutien-et-precedes-dune-etude-biographique-et-litteraire-par-m-sainte-beuve\/","title":{"rendered":"Maurice de Gu\u00e9rin. Journal, lettres et po\u00e8mes. Publi\u00e9s avec l&#8217;assentiment de sa famille par G. S. Trebutien et pr\u00e9c\u00e9d\u00e9s d&#8217;une \u00e9tude biographique et litt\u00e9raire par m. Sainte-Beuve"},"content":{"rendered":"<aside class=\"mashsb-container mashsb-main mashsb-stretched\"><div class=\"mashsb-box\"><div class=\"mashsb-buttons\"><a  class=\"mashicon-facebook mash-large mash-center mashsb-noshadow\" href=\"https:\/\/www.facebook.com\/sharer.php?u=https%3A%2F%2Fwww.elibron.com%2Fcatalog%2Fproduct%2Fmaurice-de-guerin-journal-lettres-et-poemes-publies-avec-lassentiment-de-sa-famille-par-g-s-trebutien-et-precedes-dune-etude-biographique-et-litteraire-par-m-sainte-beuve%2F\" target=\"_blank\" rel=\"noopener nofollow\"><span class=\"icon\"><\/span><span class=\"text\">Share<\/span><\/a><a  class=\"mashicon-twitter mash-large mash-center mashsb-noshadow\" href=\"https:\/\/twitter.com\/intent\/tweet?text=&url=https:\/\/www.elibron.com\/catalog\/product\/maurice-de-guerin-journal-lettres-et-poemes-publies-avec-lassentiment-de-sa-famille-par-g-s-trebutien-et-precedes-dune-etude-biographique-et-litteraire-par-m-sainte-beuve\/&via=ElibronBooks\" target=\"_blank\" rel=\"noopener nofollow\"><span class=\"icon\"><\/span><span class=\"text\">Tweet<\/span><\/a><div class=\"onoffswitch2 mash-large mashsb-noshadow\" style=\"display:none;\"><\/div><\/div>\r\n            <\/div>\r\n                <div style=\"clear:both;\"><\/div><div class=\"mashsb-toggle-container\"><\/div><\/aside>\r\n            <!-- Share buttons by mashshare.net - Version: 3.5.7-->","protected":false},"excerpt":{"rendered":"","protected":false},"featured_media":50590,"comment_status":"closed","ping_status":"open","template":"","meta":{"_acf_changed":false,"jetpack_post_was_ever_published":false,"jetpack_publicize_message":"","jetpack_publicize_feature_enabled":true,"jetpack_social_post_already_shared":false,"jetpack_social_options":{"image_generator_settings":{"template":"highway","enabled":false},"version":2}},"product_brand":[],"product_cat":[2344,6,2347,2334,2346,2345],"product_tag":[53,23,10,22,54],"class_list":{"0":"post-50589","1":"product","2":"type-product","3":"status-publish","4":"has-post-thumbnail","6":"product_cat-biography-memoir-books","7":"product_cat-books","8":"product_cat-playwrights-books","9":"product_cat-poetry-books","10":"product_cat-poets-books","11":"product_cat-writers-books","12":"product_tag-biography-memoir","13":"product_tag-playwrights","14":"product_tag-poetry","15":"product_tag-poets","16":"product_tag-writers","18":"first","19":"instock","20":"purchasable","21":"product-type-simple"},"jetpack_publicize_connections":[],"acf":[],"jetpack_sharing_enabled":true,"_links":{"self":[{"href":"https:\/\/www.elibron.com\/catalog\/wp-json\/wp\/v2\/product\/50589","targetHints":{"allow":["GET"]}}],"collection":[{"href":"https:\/\/www.elibron.com\/catalog\/wp-json\/wp\/v2\/product"}],"about":[{"href":"https:\/\/www.elibron.com\/catalog\/wp-json\/wp\/v2\/types\/product"}],"replies":[{"embeddable":true,"href":"https:\/\/www.elibron.com\/catalog\/wp-json\/wp\/v2\/comments?post=50589"}],"wp:featuredmedia":[{"embeddable":true,"href":"https:\/\/www.elibron.com\/catalog\/wp-json\/wp\/v2\/media\/50590"}],"wp:attachment":[{"href":"https:\/\/www.elibron.com\/catalog\/wp-json\/wp\/v2\/media?parent=50589"}],"wp:term":[{"taxonomy":"product_brand","embeddable":true,"href":"https:\/\/www.elibron.com\/catalog\/wp-json\/wp\/v2\/product_brand?post=50589"},{"taxonomy":"product_cat","embeddable":true,"href":"https:\/\/www.elibron.com\/catalog\/wp-json\/wp\/v2\/product_cat?post=50589"},{"taxonomy":"product_tag","embeddable":true,"href":"https:\/\/www.elibron.com\/catalog\/wp-json\/wp\/v2\/product_tag?post=50589"}],"curies":[{"name":"wp","href":"https:\/\/api.w.org\/{rel}","templated":true}]}}