{"id":50423,"date":"2017-04-05T12:29:27","date_gmt":"2017-04-05T12:29:27","guid":{"rendered":"https:\/\/www.elibron.com\/catalog\/product\/warum-wann-und-wieweit-ist-der-automobilhalter-haftpflichtig-eine-ubersicht-uber-das-wesen-der-haftpflicht-nach-dem-reichs-gesetz-uber-den-verkehr-mit-kraftfahrzeugen-vom-3-mai-1909-von-k-everts\/"},"modified":"2017-04-06T09:59:01","modified_gmt":"2017-04-06T09:59:01","slug":"warum-wann-und-wieweit-ist-der-automobilhalter-haftpflichtig-eine-ubersicht-uber-das-wesen-der-haftpflicht-nach-dem-reichs-gesetz-uber-den-verkehr-mit-kraftfahrzeugen-vom-3-mai-1909-von-k-everts","status":"publish","type":"product","link":"https:\/\/www.elibron.com\/catalog\/product\/warum-wann-und-wieweit-ist-der-automobilhalter-haftpflichtig-eine-ubersicht-uber-das-wesen-der-haftpflicht-nach-dem-reichs-gesetz-uber-den-verkehr-mit-kraftfahrzeugen-vom-3-mai-1909-von-k-everts\/","title":{"rendered":"Warum, wann und wieweit ist der Automobilhalter haftpflichtig?. Eine \u00dcbersicht \u00fcber das Wesen der Haftpflicht nach dem Reichs-Gesetz \u00fcber den Verkehr mit Kraftfahrzeugen vom 3. Mai 1909. Von K. Everts, Dipl.-Ing"},"content":{"rendered":"<aside class=\"mashsb-container mashsb-main mashsb-stretched\"><div class=\"mashsb-box\"><div class=\"mashsb-buttons\"><a  class=\"mashicon-facebook mash-large mash-center mashsb-noshadow\" href=\"https:\/\/www.facebook.com\/sharer.php?u=https%3A%2F%2Fwww.elibron.com%2Fcatalog%2Fproduct%2Fwarum-wann-und-wieweit-ist-der-automobilhalter-haftpflichtig-eine-ubersicht-uber-das-wesen-der-haftpflicht-nach-dem-reichs-gesetz-uber-den-verkehr-mit-kraftfahrzeugen-vom-3-mai-1909-von-k-everts%2F\" target=\"_blank\" rel=\"noopener nofollow\"><span class=\"icon\"><\/span><span class=\"text\">Share<\/span><\/a><a  class=\"mashicon-twitter mash-large mash-center mashsb-noshadow\" href=\"https:\/\/twitter.com\/intent\/tweet?text=&url=https:\/\/www.elibron.com\/catalog\/product\/warum-wann-und-wieweit-ist-der-automobilhalter-haftpflichtig-eine-ubersicht-uber-das-wesen-der-haftpflicht-nach-dem-reichs-gesetz-uber-den-verkehr-mit-kraftfahrzeugen-vom-3-mai-1909-von-k-everts\/&via=ElibronBooks\" target=\"_blank\" rel=\"noopener nofollow\"><span class=\"icon\"><\/span><span class=\"text\">Tweet<\/span><\/a><div class=\"onoffswitch2 mash-large mashsb-noshadow\" style=\"display:none;\"><\/div><\/div>\r\n            <\/div>\r\n                <div style=\"clear:both;\"><\/div><div class=\"mashsb-toggle-container\"><\/div><\/aside>\r\n            <!-- Share buttons by mashshare.net - Version: 3.5.7-->","protected":false},"excerpt":{"rendered":"","protected":false},"featured_media":50424,"comment_status":"closed","ping_status":"open","template":"","meta":{"_acf_changed":false,"jetpack_post_was_ever_published":false,"jetpack_publicize_message":"","jetpack_publicize_feature_enabled":true,"jetpack_social_post_already_shared":false,"jetpack_social_options":{"image_generator_settings":{"template":"highway","enabled":false},"version":2}},"product_brand":[],"product_cat":[2604,6,2433],"product_tag":[1649,288],"class_list":{"0":"post-50423","1":"product","2":"type-product","3":"status-publish","4":"has-post-thumbnail","6":"product_cat-automotive-books","7":"product_cat-books","8":"product_cat-engineering-technology-books","9":"product_tag-automotive","10":"product_tag-engineering-technology","12":"first","13":"instock","14":"purchasable","15":"product-type-simple"},"jetpack_publicize_connections":[],"acf":[],"jetpack_sharing_enabled":true,"_links":{"self":[{"href":"https:\/\/www.elibron.com\/catalog\/wp-json\/wp\/v2\/product\/50423","targetHints":{"allow":["GET"]}}],"collection":[{"href":"https:\/\/www.elibron.com\/catalog\/wp-json\/wp\/v2\/product"}],"about":[{"href":"https:\/\/www.elibron.com\/catalog\/wp-json\/wp\/v2\/types\/product"}],"replies":[{"embeddable":true,"href":"https:\/\/www.elibron.com\/catalog\/wp-json\/wp\/v2\/comments?post=50423"}],"wp:featuredmedia":[{"embeddable":true,"href":"https:\/\/www.elibron.com\/catalog\/wp-json\/wp\/v2\/media\/50424"}],"wp:attachment":[{"href":"https:\/\/www.elibron.com\/catalog\/wp-json\/wp\/v2\/media?parent=50423"}],"wp:term":[{"taxonomy":"product_brand","embeddable":true,"href":"https:\/\/www.elibron.com\/catalog\/wp-json\/wp\/v2\/product_brand?post=50423"},{"taxonomy":"product_cat","embeddable":true,"href":"https:\/\/www.elibron.com\/catalog\/wp-json\/wp\/v2\/product_cat?post=50423"},{"taxonomy":"product_tag","embeddable":true,"href":"https:\/\/www.elibron.com\/catalog\/wp-json\/wp\/v2\/product_tag?post=50423"}],"curies":[{"name":"wp","href":"https:\/\/api.w.org\/{rel}","templated":true}]}}