{"id":48626,"date":"2017-04-05T10:49:59","date_gmt":"2017-04-05T10:49:59","guid":{"rendered":"https:\/\/www.elibron.com\/catalog\/product\/%c2%8cuvres-completes-de-a-f-ozanam-avec-une-notice-par-le-r-p-lacordaire-et-une-preface-par-m-ampere-tome-4-etudes-germaniques-la-civilisation-chretienne-chez-les-francs\/"},"modified":"2017-04-06T09:42:06","modified_gmt":"2017-04-06T09:42:06","slug":"%c2%8cuvres-completes-de-a-f-ozanam-avec-une-notice-par-le-r-p-lacordaire-et-une-preface-par-m-ampere-tome-4-etudes-germaniques-la-civilisation-chretienne-chez-les-francs","status":"publish","type":"product","link":"https:\/\/www.elibron.com\/catalog\/product\/%c2%8cuvres-completes-de-a-f-ozanam-avec-une-notice-par-le-r-p-lacordaire-et-une-preface-par-m-ampere-tome-4-etudes-germaniques-la-civilisation-chretienne-chez-les-francs\/","title":{"rendered":"Oeuvres compl\u00e8tes de A.F. Ozanam. Avec une notice par le R.P. Lacordaire et une pr\u00e9face par M. Amp\u00e8re.Tome 4: \u00c9tudes germaniques. La civilisation chr\u00e9tienne chez les Francs"},"content":{"rendered":"<aside class=\"mashsb-container mashsb-main mashsb-stretched\"><div class=\"mashsb-box\"><div class=\"mashsb-buttons\"><a  class=\"mashicon-facebook mash-large mash-center mashsb-noshadow\" href=\"https:\/\/www.facebook.com\/sharer.php?u=https%3A%2F%2Fwww.elibron.com%2Fcatalog%2Fproduct%2F%25c2%258cuvres-completes-de-a-f-ozanam-avec-une-notice-par-le-r-p-lacordaire-et-une-preface-par-m-ampere-tome-4-etudes-germaniques-la-civilisation-chretienne-chez-les-francs%2F\" target=\"_blank\" rel=\"noopener nofollow\"><span class=\"icon\"><\/span><span class=\"text\">Share<\/span><\/a><a  class=\"mashicon-twitter mash-large mash-center mashsb-noshadow\" href=\"https:\/\/twitter.com\/intent\/tweet?text=&url=https:\/\/www.elibron.com\/catalog\/product\/%c2%8cuvres-completes-de-a-f-ozanam-avec-une-notice-par-le-r-p-lacordaire-et-une-preface-par-m-ampere-tome-4-etudes-germaniques-la-civilisation-chretienne-chez-les-francs\/&via=ElibronBooks\" target=\"_blank\" rel=\"noopener nofollow\"><span class=\"icon\"><\/span><span class=\"text\">Tweet<\/span><\/a><div class=\"onoffswitch2 mash-large mashsb-noshadow\" style=\"display:none;\"><\/div><\/div>\r\n            <\/div>\r\n                <div style=\"clear:both;\"><\/div><div class=\"mashsb-toggle-container\"><\/div><\/aside>\r\n            <!-- Share buttons by mashshare.net - Version: 3.5.7-->","protected":false},"excerpt":{"rendered":"","protected":false},"featured_media":48627,"comment_status":"closed","ping_status":"open","template":"","meta":{"_acf_changed":false,"jetpack_post_was_ever_published":false,"jetpack_publicize_message":"","jetpack_publicize_feature_enabled":true,"jetpack_social_post_already_shared":false,"jetpack_social_options":{"image_generator_settings":{"template":"highway","enabled":false},"version":2}},"product_brand":[],"product_cat":[6,2382,2356,2355,2381],"product_tag":[135,79,74,134],"class_list":{"0":"post-48626","1":"product","2":"type-product","3":"status-publish","4":"has-post-thumbnail","6":"product_cat-books","7":"product_cat-christianity-books","8":"product_cat-europe-books","9":"product_cat-history-books","10":"product_cat-religions-spirituality-books","11":"product_tag-christianity","12":"product_tag-europe","13":"product_tag-history","14":"product_tag-religions-spirituality","16":"first","17":"instock","18":"purchasable","19":"product-type-simple"},"jetpack_publicize_connections":[],"acf":[],"jetpack_sharing_enabled":true,"_links":{"self":[{"href":"https:\/\/www.elibron.com\/catalog\/wp-json\/wp\/v2\/product\/48626","targetHints":{"allow":["GET"]}}],"collection":[{"href":"https:\/\/www.elibron.com\/catalog\/wp-json\/wp\/v2\/product"}],"about":[{"href":"https:\/\/www.elibron.com\/catalog\/wp-json\/wp\/v2\/types\/product"}],"replies":[{"embeddable":true,"href":"https:\/\/www.elibron.com\/catalog\/wp-json\/wp\/v2\/comments?post=48626"}],"wp:featuredmedia":[{"embeddable":true,"href":"https:\/\/www.elibron.com\/catalog\/wp-json\/wp\/v2\/media\/48627"}],"wp:attachment":[{"href":"https:\/\/www.elibron.com\/catalog\/wp-json\/wp\/v2\/media?parent=48626"}],"wp:term":[{"taxonomy":"product_brand","embeddable":true,"href":"https:\/\/www.elibron.com\/catalog\/wp-json\/wp\/v2\/product_brand?post=48626"},{"taxonomy":"product_cat","embeddable":true,"href":"https:\/\/www.elibron.com\/catalog\/wp-json\/wp\/v2\/product_cat?post=48626"},{"taxonomy":"product_tag","embeddable":true,"href":"https:\/\/www.elibron.com\/catalog\/wp-json\/wp\/v2\/product_tag?post=48626"}],"curies":[{"name":"wp","href":"https:\/\/api.w.org\/{rel}","templated":true}]}}