{"id":48248,"date":"2017-04-05T10:29:06","date_gmt":"2017-04-05T10:29:06","guid":{"rendered":"https:\/\/www.elibron.com\/catalog\/product\/la-sarabande-ou-choix-danecdotes-bons-mots-chansons-gauloiseries-epigrammes-epitaphes-reflexions-et-pieces-en-vers-des-francais-depuis-le-xve-siecle-jusqua-nos-jours-serie-2-gens-et-choses\/"},"modified":"2017-04-06T09:38:25","modified_gmt":"2017-04-06T09:38:25","slug":"la-sarabande-ou-choix-danecdotes-bons-mots-chansons-gauloiseries-epigrammes-epitaphes-reflexions-et-pieces-en-vers-des-francais-depuis-le-xve-siecle-jusqua-nos-jours-serie-2-gens-et-choses","status":"publish","type":"product","link":"https:\/\/www.elibron.com\/catalog\/product\/la-sarabande-ou-choix-danecdotes-bons-mots-chansons-gauloiseries-epigrammes-epitaphes-reflexions-et-pieces-en-vers-des-francais-depuis-le-xve-siecle-jusqua-nos-jours-serie-2-gens-et-choses\/","title":{"rendered":"La sarabande. Ou Choix d&#8217;anecdotes, bons mots, chansons, gauloiseries, \u00e9pigrammes, \u00e9pitaphes, r\u00e9flexions et pi\u00e8ces en vers des Fran\u00e7ais depuis le XVe si\u00e8cle jusqu&#8217;\u00e0 nos jours. S\u00e9rie 2: Gens et choses d&#8217;argent. Nobles. Courtisans, etc"},"content":{"rendered":"<aside class=\"mashsb-container mashsb-main mashsb-stretched\"><div class=\"mashsb-box\"><div class=\"mashsb-buttons\"><a  class=\"mashicon-facebook mash-large mash-center mashsb-noshadow\" href=\"https:\/\/www.facebook.com\/sharer.php?u=https%3A%2F%2Fwww.elibron.com%2Fcatalog%2Fproduct%2Fla-sarabande-ou-choix-danecdotes-bons-mots-chansons-gauloiseries-epigrammes-epitaphes-reflexions-et-pieces-en-vers-des-francais-depuis-le-xve-siecle-jusqua-nos-jours-serie-2-gens-et-choses%2F\" target=\"_blank\" rel=\"noopener nofollow\"><span class=\"icon\"><\/span><span class=\"text\">Share<\/span><\/a><a  class=\"mashicon-twitter mash-large mash-center mashsb-noshadow\" href=\"https:\/\/twitter.com\/intent\/tweet?text=&url=https:\/\/www.elibron.com\/catalog\/product\/la-sarabande-ou-choix-danecdotes-bons-mots-chansons-gauloiseries-epigrammes-epitaphes-reflexions-et-pieces-en-vers-des-francais-depuis-le-xve-siecle-jusqua-nos-jours-serie-2-gens-et-choses\/&via=ElibronBooks\" target=\"_blank\" rel=\"noopener nofollow\"><span class=\"icon\"><\/span><span class=\"text\">Tweet<\/span><\/a><div class=\"onoffswitch2 mash-large mashsb-noshadow\" style=\"display:none;\"><\/div><\/div>\r\n            <\/div>\r\n                <div style=\"clear:both;\"><\/div><div class=\"mashsb-toggle-container\"><\/div><\/aside>\r\n            <!-- Share buttons by mashshare.net - Version: 3.5.7-->","protected":false},"excerpt":{"rendered":"","protected":false},"featured_media":48249,"comment_status":"closed","ping_status":"open","template":"","meta":{"_acf_changed":false,"jetpack_post_was_ever_published":false,"jetpack_publicize_message":"","jetpack_publicize_feature_enabled":true,"jetpack_social_post_already_shared":false,"jetpack_social_options":{"image_generator_settings":{"template":"highway","enabled":false},"version":2}},"product_brand":[],"product_cat":[6,2337,2529,2394,2530],"product_tag":[119,916,224,917],"class_list":{"0":"post-48248","1":"product","2":"type-product","3":"status-publish","4":"has-post-thumbnail","6":"product_cat-books","7":"product_cat-literary-criticism-studies-books","8":"product_cat-quotations-books","9":"product_cat-reference-books","10":"product_cat-trivia-humor-books","11":"product_tag-literary-criticism-studies","12":"product_tag-quotations","13":"product_tag-reference","14":"product_tag-trivia-humor","16":"first","17":"instock","18":"purchasable","19":"product-type-simple"},"jetpack_publicize_connections":[],"acf":[],"jetpack_sharing_enabled":true,"_links":{"self":[{"href":"https:\/\/www.elibron.com\/catalog\/wp-json\/wp\/v2\/product\/48248","targetHints":{"allow":["GET"]}}],"collection":[{"href":"https:\/\/www.elibron.com\/catalog\/wp-json\/wp\/v2\/product"}],"about":[{"href":"https:\/\/www.elibron.com\/catalog\/wp-json\/wp\/v2\/types\/product"}],"replies":[{"embeddable":true,"href":"https:\/\/www.elibron.com\/catalog\/wp-json\/wp\/v2\/comments?post=48248"}],"wp:featuredmedia":[{"embeddable":true,"href":"https:\/\/www.elibron.com\/catalog\/wp-json\/wp\/v2\/media\/48249"}],"wp:attachment":[{"href":"https:\/\/www.elibron.com\/catalog\/wp-json\/wp\/v2\/media?parent=48248"}],"wp:term":[{"taxonomy":"product_brand","embeddable":true,"href":"https:\/\/www.elibron.com\/catalog\/wp-json\/wp\/v2\/product_brand?post=48248"},{"taxonomy":"product_cat","embeddable":true,"href":"https:\/\/www.elibron.com\/catalog\/wp-json\/wp\/v2\/product_cat?post=48248"},{"taxonomy":"product_tag","embeddable":true,"href":"https:\/\/www.elibron.com\/catalog\/wp-json\/wp\/v2\/product_tag?post=48248"}],"curies":[{"name":"wp","href":"https:\/\/api.w.org\/{rel}","templated":true}]}}