{"id":47238,"date":"2017-04-05T09:32:51","date_gmt":"2017-04-05T09:32:51","guid":{"rendered":"https:\/\/www.elibron.com\/catalog\/product\/ein-beitrag-zur-darstellung-der-hausindustrie-in-rusland-inaugural-dissertation-zur-erlangung-des-doctor-grades-an-der-philosophischen-fakultat-der-universitat-leipzig\/"},"modified":"2017-04-06T09:28:42","modified_gmt":"2017-04-06T09:28:42","slug":"ein-beitrag-zur-darstellung-der-hausindustrie-in-rusland-inaugural-dissertation-zur-erlangung-des-doctor-grades-an-der-philosophischen-fakultat-der-universitat-leipzig","status":"publish","type":"product","link":"https:\/\/www.elibron.com\/catalog\/product\/ein-beitrag-zur-darstellung-der-hausindustrie-in-rusland-inaugural-dissertation-zur-erlangung-des-doctor-grades-an-der-philosophischen-fakultat-der-universitat-leipzig\/","title":{"rendered":"Ein Beitrag zur Darstellung der Hausindustrie in Ru\u00dfland. Inaugural-Dissertation zur Erlangung des Doctor-Grades an der philosophischen Fakult\u00e4t der Universit\u00e4t Leipzig"},"content":{"rendered":"<aside class=\"mashsb-container mashsb-main mashsb-stretched\"><div class=\"mashsb-box\"><div class=\"mashsb-buttons\"><a  class=\"mashicon-facebook mash-large mash-center mashsb-noshadow\" href=\"https:\/\/www.facebook.com\/sharer.php?u=https%3A%2F%2Fwww.elibron.com%2Fcatalog%2Fproduct%2Fein-beitrag-zur-darstellung-der-hausindustrie-in-rusland-inaugural-dissertation-zur-erlangung-des-doctor-grades-an-der-philosophischen-fakultat-der-universitat-leipzig%2F\" target=\"_blank\" rel=\"noopener nofollow\"><span class=\"icon\"><\/span><span class=\"text\">Share<\/span><\/a><a  class=\"mashicon-twitter mash-large mash-center mashsb-noshadow\" href=\"https:\/\/twitter.com\/intent\/tweet?text=&url=https:\/\/www.elibron.com\/catalog\/product\/ein-beitrag-zur-darstellung-der-hausindustrie-in-rusland-inaugural-dissertation-zur-erlangung-des-doctor-grades-an-der-philosophischen-fakultat-der-universitat-leipzig\/&via=ElibronBooks\" target=\"_blank\" rel=\"noopener nofollow\"><span class=\"icon\"><\/span><span class=\"text\">Tweet<\/span><\/a><div class=\"onoffswitch2 mash-large mashsb-noshadow\" style=\"display:none;\"><\/div><\/div>\r\n            <\/div>\r\n                <div style=\"clear:both;\"><\/div><div class=\"mashsb-toggle-container\"><\/div><\/aside>\r\n            <!-- Share buttons by mashshare.net - Version: 3.5.7-->","protected":false},"excerpt":{"rendered":"","protected":false},"featured_media":47239,"comment_status":"closed","ping_status":"open","template":"","meta":{"_acf_changed":false,"jetpack_post_was_ever_published":false,"jetpack_publicize_message":"","jetpack_publicize_feature_enabled":true,"jetpack_social_post_already_shared":false,"jetpack_social_options":{"image_generator_settings":{"template":"highway","enabled":false},"version":2}},"product_brand":[],"product_cat":[6,2355,2417],"product_tag":[74,357],"class_list":{"0":"post-47238","1":"product","2":"type-product","3":"status-publish","4":"has-post-thumbnail","6":"product_cat-books","7":"product_cat-history-books","8":"product_cat-russia-books","9":"product_tag-history","10":"product_tag-russia","12":"first","13":"instock","14":"purchasable","15":"product-type-simple"},"jetpack_publicize_connections":[],"acf":[],"jetpack_sharing_enabled":true,"_links":{"self":[{"href":"https:\/\/www.elibron.com\/catalog\/wp-json\/wp\/v2\/product\/47238","targetHints":{"allow":["GET"]}}],"collection":[{"href":"https:\/\/www.elibron.com\/catalog\/wp-json\/wp\/v2\/product"}],"about":[{"href":"https:\/\/www.elibron.com\/catalog\/wp-json\/wp\/v2\/types\/product"}],"replies":[{"embeddable":true,"href":"https:\/\/www.elibron.com\/catalog\/wp-json\/wp\/v2\/comments?post=47238"}],"wp:featuredmedia":[{"embeddable":true,"href":"https:\/\/www.elibron.com\/catalog\/wp-json\/wp\/v2\/media\/47239"}],"wp:attachment":[{"href":"https:\/\/www.elibron.com\/catalog\/wp-json\/wp\/v2\/media?parent=47238"}],"wp:term":[{"taxonomy":"product_brand","embeddable":true,"href":"https:\/\/www.elibron.com\/catalog\/wp-json\/wp\/v2\/product_brand?post=47238"},{"taxonomy":"product_cat","embeddable":true,"href":"https:\/\/www.elibron.com\/catalog\/wp-json\/wp\/v2\/product_cat?post=47238"},{"taxonomy":"product_tag","embeddable":true,"href":"https:\/\/www.elibron.com\/catalog\/wp-json\/wp\/v2\/product_tag?post=47238"}],"curies":[{"name":"wp","href":"https:\/\/api.w.org\/{rel}","templated":true}]}}