{"id":46993,"date":"2017-04-05T09:19:22","date_gmt":"2017-04-05T09:19:22","guid":{"rendered":"https:\/\/www.elibron.com\/catalog\/product\/considerations-destinees-a-rectifier-les-jugements-du-public-sur-la-revolution-francaise-precedees-de-la-revendication-de-la-liberte-de-penser-aupres-des-princes-de-leurope-qui-lont-opprimee-jusqu\/"},"modified":"2017-04-06T09:26:27","modified_gmt":"2017-04-06T09:26:27","slug":"considerations-destinees-a-rectifier-les-jugements-du-public-sur-la-revolution-francaise-precedees-de-la-revendication-de-la-liberte-de-penser-aupres-des-princes-de-leurope-qui-lont-opprimee-jusqu","status":"publish","type":"product","link":"https:\/\/www.elibron.com\/catalog\/product\/considerations-destinees-a-rectifier-les-jugements-du-public-sur-la-revolution-francaise-precedees-de-la-revendication-de-la-liberte-de-penser-aupres-des-princes-de-leurope-qui-lont-opprimee-jusqu\/","title":{"rendered":"Consid\u00e9rations destin\u00e9es \u00e0 rectifier les jugements du public sur la R\u00e9volution fran\u00e7aise. Pr\u00e9c\u00e9d\u00e9es de la revendication de la libert\u00e9 de penser aupr\u00e8s des princes de l&#8217;Europe qui l&#8217;ont opprim\u00e9e jusqu&#8217;ici (1793). Traduit de l&#8217;Allemand par Jules Barni. Avec"},"content":{"rendered":"<aside class=\"mashsb-container mashsb-main mashsb-stretched\"><div class=\"mashsb-box\"><div class=\"mashsb-buttons\"><a  class=\"mashicon-facebook mash-large mash-center mashsb-noshadow\" href=\"https:\/\/www.facebook.com\/sharer.php?u=https%3A%2F%2Fwww.elibron.com%2Fcatalog%2Fproduct%2Fconsiderations-destinees-a-rectifier-les-jugements-du-public-sur-la-revolution-francaise-precedees-de-la-revendication-de-la-liberte-de-penser-aupres-des-princes-de-leurope-qui-lont-opprimee-jusqu%2F\" target=\"_blank\" rel=\"noopener nofollow\"><span class=\"icon\"><\/span><span class=\"text\">Share<\/span><\/a><a  class=\"mashicon-twitter mash-large mash-center mashsb-noshadow\" href=\"https:\/\/twitter.com\/intent\/tweet?text=&url=https:\/\/www.elibron.com\/catalog\/product\/considerations-destinees-a-rectifier-les-jugements-du-public-sur-la-revolution-francaise-precedees-de-la-revendication-de-la-liberte-de-penser-aupres-des-princes-de-leurope-qui-lont-opprimee-jusqu\/&via=ElibronBooks\" target=\"_blank\" rel=\"noopener nofollow\"><span class=\"icon\"><\/span><span class=\"text\">Tweet<\/span><\/a><div class=\"onoffswitch2 mash-large mashsb-noshadow\" style=\"display:none;\"><\/div><\/div>\r\n            <\/div>\r\n                <div style=\"clear:both;\"><\/div><div class=\"mashsb-toggle-container\"><\/div><\/aside>\r\n            <!-- Share buttons by mashshare.net - Version: 3.5.7-->","protected":false},"excerpt":{"rendered":"","protected":false},"featured_media":46994,"comment_status":"closed","ping_status":"open","template":"","meta":{"_acf_changed":false,"jetpack_post_was_ever_published":false,"jetpack_publicize_message":"","jetpack_publicize_feature_enabled":true,"jetpack_social_post_already_shared":false,"jetpack_social_options":{"image_generator_settings":{"template":"highway","enabled":false},"version":2}},"product_brand":[],"product_cat":[6,2356,2355],"product_tag":[79,74],"class_list":{"0":"post-46993","1":"product","2":"type-product","3":"status-publish","4":"has-post-thumbnail","6":"product_cat-books","7":"product_cat-europe-books","8":"product_cat-history-books","9":"product_tag-europe","10":"product_tag-history","12":"first","13":"instock","14":"purchasable","15":"product-type-simple"},"jetpack_publicize_connections":[],"acf":[],"jetpack_sharing_enabled":true,"_links":{"self":[{"href":"https:\/\/www.elibron.com\/catalog\/wp-json\/wp\/v2\/product\/46993","targetHints":{"allow":["GET"]}}],"collection":[{"href":"https:\/\/www.elibron.com\/catalog\/wp-json\/wp\/v2\/product"}],"about":[{"href":"https:\/\/www.elibron.com\/catalog\/wp-json\/wp\/v2\/types\/product"}],"replies":[{"embeddable":true,"href":"https:\/\/www.elibron.com\/catalog\/wp-json\/wp\/v2\/comments?post=46993"}],"wp:featuredmedia":[{"embeddable":true,"href":"https:\/\/www.elibron.com\/catalog\/wp-json\/wp\/v2\/media\/46994"}],"wp:attachment":[{"href":"https:\/\/www.elibron.com\/catalog\/wp-json\/wp\/v2\/media?parent=46993"}],"wp:term":[{"taxonomy":"product_brand","embeddable":true,"href":"https:\/\/www.elibron.com\/catalog\/wp-json\/wp\/v2\/product_brand?post=46993"},{"taxonomy":"product_cat","embeddable":true,"href":"https:\/\/www.elibron.com\/catalog\/wp-json\/wp\/v2\/product_cat?post=46993"},{"taxonomy":"product_tag","embeddable":true,"href":"https:\/\/www.elibron.com\/catalog\/wp-json\/wp\/v2\/product_tag?post=46993"}],"curies":[{"name":"wp","href":"https:\/\/api.w.org\/{rel}","templated":true}]}}

Considérations destinées à rectifier les jugements du public sur la Révolution française. Précédées de la revendication de la liberté de penser auprès des princes de l&#8217;Europe qui l&#8217;ont opprimée jusqu&#8217;ici (1793). Traduit de l&#8217;Allemand par Jules Barni. Avec
