{"id":46435,"date":"2017-04-05T08:48:51","date_gmt":"2017-04-05T08:48:51","guid":{"rendered":"https:\/\/www.elibron.com\/catalog\/product\/ueber-das-aneurysma-der-bauch-aorta-und-ihrer-zweige-eine-gratulationsschrift-fur-das-500-jahrige-jubilaum-der-universitat-wien-mit-einer-historischen-einleitung-uber-den-einfluss-der-wiener-schule\/"},"modified":"2017-04-06T09:21:09","modified_gmt":"2017-04-06T09:21:09","slug":"ueber-das-aneurysma-der-bauch-aorta-und-ihrer-zweige-eine-gratulationsschrift-fur-das-500-jahrige-jubilaum-der-universitat-wien-mit-einer-historischen-einleitung-uber-den-einfluss-der-wiener-schule","status":"publish","type":"product","link":"https:\/\/www.elibron.com\/catalog\/product\/ueber-das-aneurysma-der-bauch-aorta-und-ihrer-zweige-eine-gratulationsschrift-fur-das-500-jahrige-jubilaum-der-universitat-wien-mit-einer-historischen-einleitung-uber-den-einfluss-der-wiener-schule\/","title":{"rendered":"Ueber das Aneurysma der Bauch-Aorta und ihrer Zweige. Eine Gratulationsschrift f\u00fcr das 500 j\u00e4hrige Jubil\u00e4um der Universit\u00e4t Wien. Mit einer historischen Einleitung \u00fcber den Einfluss der Wiener Schule des vorigen Jahrhunderts auf den positiven Fortschritt"},"content":{"rendered":"<aside class=\"mashsb-container mashsb-main mashsb-stretched\"><div class=\"mashsb-box\"><div class=\"mashsb-buttons\"><a  class=\"mashicon-facebook mash-large mash-center mashsb-noshadow\" href=\"https:\/\/www.facebook.com\/sharer.php?u=https%3A%2F%2Fwww.elibron.com%2Fcatalog%2Fproduct%2Fueber-das-aneurysma-der-bauch-aorta-und-ihrer-zweige-eine-gratulationsschrift-fur-das-500-jahrige-jubilaum-der-universitat-wien-mit-einer-historischen-einleitung-uber-den-einfluss-der-wiener-schule%2F\" target=\"_blank\" rel=\"noopener nofollow\"><span class=\"icon\"><\/span><span class=\"text\">Share<\/span><\/a><a  class=\"mashicon-twitter mash-large mash-center mashsb-noshadow\" href=\"https:\/\/twitter.com\/intent\/tweet?text=&url=https:\/\/www.elibron.com\/catalog\/product\/ueber-das-aneurysma-der-bauch-aorta-und-ihrer-zweige-eine-gratulationsschrift-fur-das-500-jahrige-jubilaum-der-universitat-wien-mit-einer-historischen-einleitung-uber-den-einfluss-der-wiener-schule\/&via=ElibronBooks\" target=\"_blank\" rel=\"noopener nofollow\"><span class=\"icon\"><\/span><span class=\"text\">Tweet<\/span><\/a><div class=\"onoffswitch2 mash-large mashsb-noshadow\" style=\"display:none;\"><\/div><\/div>\r\n            <\/div>\r\n                <div style=\"clear:both;\"><\/div><div class=\"mashsb-toggle-container\"><\/div><\/aside>\r\n            <!-- Share buttons by mashshare.net - Version: 3.5.7-->","protected":false},"excerpt":{"rendered":"","protected":false},"featured_media":46436,"comment_status":"closed","ping_status":"open","template":"","meta":{"_acf_changed":false,"jetpack_post_was_ever_published":false,"jetpack_publicize_message":"","jetpack_publicize_feature_enabled":true,"jetpack_social_post_already_shared":false,"jetpack_social_options":{"image_generator_settings":{"template":"highway","enabled":false},"version":2}},"product_brand":[],"product_cat":[6,2396],"product_tag":[178],"class_list":{"0":"post-46435","1":"product","2":"type-product","3":"status-publish","4":"has-post-thumbnail","6":"product_cat-books","7":"product_cat-medicine-health-care-books","8":"product_tag-medicine-health-care","10":"first","11":"instock","12":"purchasable","13":"product-type-simple"},"jetpack_publicize_connections":[],"acf":[],"jetpack_sharing_enabled":true,"_links":{"self":[{"href":"https:\/\/www.elibron.com\/catalog\/wp-json\/wp\/v2\/product\/46435","targetHints":{"allow":["GET"]}}],"collection":[{"href":"https:\/\/www.elibron.com\/catalog\/wp-json\/wp\/v2\/product"}],"about":[{"href":"https:\/\/www.elibron.com\/catalog\/wp-json\/wp\/v2\/types\/product"}],"replies":[{"embeddable":true,"href":"https:\/\/www.elibron.com\/catalog\/wp-json\/wp\/v2\/comments?post=46435"}],"wp:featuredmedia":[{"embeddable":true,"href":"https:\/\/www.elibron.com\/catalog\/wp-json\/wp\/v2\/media\/46436"}],"wp:attachment":[{"href":"https:\/\/www.elibron.com\/catalog\/wp-json\/wp\/v2\/media?parent=46435"}],"wp:term":[{"taxonomy":"product_brand","embeddable":true,"href":"https:\/\/www.elibron.com\/catalog\/wp-json\/wp\/v2\/product_brand?post=46435"},{"taxonomy":"product_cat","embeddable":true,"href":"https:\/\/www.elibron.com\/catalog\/wp-json\/wp\/v2\/product_cat?post=46435"},{"taxonomy":"product_tag","embeddable":true,"href":"https:\/\/www.elibron.com\/catalog\/wp-json\/wp\/v2\/product_tag?post=46435"}],"curies":[{"name":"wp","href":"https:\/\/api.w.org\/{rel}","templated":true}]}}