{"id":45059,"date":"2017-04-05T04:59:48","date_gmt":"2017-04-05T04:59:48","guid":{"rendered":"https:\/\/www.elibron.com\/catalog\/product\/le-vegetarisme-et-le-regime-vegetarien-rationnel-dogmatisme-histoire-pratique-precede-dune-introduction-par-le-dr-dujardin-beaumetz\/"},"modified":"2017-04-06T09:08:02","modified_gmt":"2017-04-06T09:08:02","slug":"le-vegetarisme-et-le-regime-vegetarien-rationnel-dogmatisme-histoire-pratique-precede-dune-introduction-par-le-dr-dujardin-beaumetz","status":"publish","type":"product","link":"https:\/\/www.elibron.com\/catalog\/product\/le-vegetarisme-et-le-regime-vegetarien-rationnel-dogmatisme-histoire-pratique-precede-dune-introduction-par-le-dr-dujardin-beaumetz\/","title":{"rendered":"Le v\u00e9g\u00e9tarisme et le r\u00e9gime v\u00e9g\u00e9tarien rationnel. Dogmatisme, histoire, pratique. Pr\u00e9c\u00e9d\u00e9 d&#8217;une introduction par le dr. Dujardin-Beaumetz"},"content":{"rendered":"<aside class=\"mashsb-container mashsb-main mashsb-stretched\"><div class=\"mashsb-box\"><div class=\"mashsb-buttons\"><a  class=\"mashicon-facebook mash-large mash-center mashsb-noshadow\" href=\"https:\/\/www.facebook.com\/sharer.php?u=https%3A%2F%2Fwww.elibron.com%2Fcatalog%2Fproduct%2Fle-vegetarisme-et-le-regime-vegetarien-rationnel-dogmatisme-histoire-pratique-precede-dune-introduction-par-le-dr-dujardin-beaumetz%2F\" target=\"_blank\" rel=\"noopener nofollow\"><span class=\"icon\"><\/span><span class=\"text\">Share<\/span><\/a><a  class=\"mashicon-twitter mash-large mash-center mashsb-noshadow\" href=\"https:\/\/twitter.com\/intent\/tweet?text=&url=https:\/\/www.elibron.com\/catalog\/product\/le-vegetarisme-et-le-regime-vegetarien-rationnel-dogmatisme-histoire-pratique-precede-dune-introduction-par-le-dr-dujardin-beaumetz\/&via=ElibronBooks\" target=\"_blank\" rel=\"noopener nofollow\"><span class=\"icon\"><\/span><span class=\"text\">Tweet<\/span><\/a><div class=\"onoffswitch2 mash-large mashsb-noshadow\" style=\"display:none;\"><\/div><\/div>\r\n            <\/div>\r\n                <div style=\"clear:both;\"><\/div><div class=\"mashsb-toggle-container\"><\/div><\/aside>\r\n            <!-- Share buttons by mashshare.net - Version: 3.5.7-->","protected":false},"excerpt":{"rendered":"","protected":false},"featured_media":45060,"comment_status":"closed","ping_status":"open","template":"","meta":{"_acf_changed":false,"jetpack_post_was_ever_published":false,"jetpack_publicize_message":"","jetpack_publicize_feature_enabled":true,"jetpack_social_post_already_shared":false,"jetpack_social_options":{"image_generator_settings":{"template":"highway","enabled":false},"version":2}},"product_brand":[],"product_cat":[6,2464,2372],"product_tag":[401,110],"class_list":{"0":"post-45059","1":"product","2":"type-product","3":"status-publish","4":"has-post-thumbnail","6":"product_cat-books","7":"product_cat-diets-nutrition-books","8":"product_cat-life-family-books","9":"product_tag-diets-nutrition","10":"product_tag-life-family","12":"first","13":"instock","14":"purchasable","15":"product-type-simple"},"jetpack_publicize_connections":[],"acf":[],"jetpack_sharing_enabled":true,"_links":{"self":[{"href":"https:\/\/www.elibron.com\/catalog\/wp-json\/wp\/v2\/product\/45059","targetHints":{"allow":["GET"]}}],"collection":[{"href":"https:\/\/www.elibron.com\/catalog\/wp-json\/wp\/v2\/product"}],"about":[{"href":"https:\/\/www.elibron.com\/catalog\/wp-json\/wp\/v2\/types\/product"}],"replies":[{"embeddable":true,"href":"https:\/\/www.elibron.com\/catalog\/wp-json\/wp\/v2\/comments?post=45059"}],"wp:featuredmedia":[{"embeddable":true,"href":"https:\/\/www.elibron.com\/catalog\/wp-json\/wp\/v2\/media\/45060"}],"wp:attachment":[{"href":"https:\/\/www.elibron.com\/catalog\/wp-json\/wp\/v2\/media?parent=45059"}],"wp:term":[{"taxonomy":"product_brand","embeddable":true,"href":"https:\/\/www.elibron.com\/catalog\/wp-json\/wp\/v2\/product_brand?post=45059"},{"taxonomy":"product_cat","embeddable":true,"href":"https:\/\/www.elibron.com\/catalog\/wp-json\/wp\/v2\/product_cat?post=45059"},{"taxonomy":"product_tag","embeddable":true,"href":"https:\/\/www.elibron.com\/catalog\/wp-json\/wp\/v2\/product_tag?post=45059"}],"curies":[{"name":"wp","href":"https:\/\/api.w.org\/{rel}","templated":true}]}}