{"id":43834,"date":"2017-04-05T03:52:50","date_gmt":"2017-04-05T03:52:50","guid":{"rendered":"https:\/\/www.elibron.com\/catalog\/product\/elements-dalgebre-ou-du-calcul-litteral-avec-un-precis-de-la-methode-analytique-appliquee-a-la-resolution-des-equations-du-premier-du-second-degre\/"},"modified":"2017-04-06T08:56:39","modified_gmt":"2017-04-06T08:56:39","slug":"elements-dalgebre-ou-du-calcul-litteral-avec-un-precis-de-la-methode-analytique-appliquee-a-la-resolution-des-equations-du-premier-du-second-degre","status":"publish","type":"product","link":"https:\/\/www.elibron.com\/catalog\/product\/elements-dalgebre-ou-du-calcul-litteral-avec-un-precis-de-la-methode-analytique-appliquee-a-la-resolution-des-equations-du-premier-du-second-degre\/","title":{"rendered":"\u00c9l\u00e9ments d&#8217;alg\u00e8bre, ou du calcul litt\u00e9ral. Avec un pr\u00e9cis de la m\u00e9thode analytique appliqu\u00e9e \u00e0 la r\u00e9solution des \u00e9quations du premier &#038; du second d\u00e9gr\u00e9"},"content":{"rendered":"<aside class=\"mashsb-container mashsb-main mashsb-stretched\"><div class=\"mashsb-box\"><div class=\"mashsb-buttons\"><a  class=\"mashicon-facebook mash-large mash-center mashsb-noshadow\" href=\"https:\/\/www.facebook.com\/sharer.php?u=https%3A%2F%2Fwww.elibron.com%2Fcatalog%2Fproduct%2Felements-dalgebre-ou-du-calcul-litteral-avec-un-precis-de-la-methode-analytique-appliquee-a-la-resolution-des-equations-du-premier-du-second-degre%2F\" target=\"_blank\" rel=\"noopener nofollow\"><span class=\"icon\"><\/span><span class=\"text\">Share<\/span><\/a><a  class=\"mashicon-twitter mash-large mash-center mashsb-noshadow\" href=\"https:\/\/twitter.com\/intent\/tweet?text=&url=https:\/\/www.elibron.com\/catalog\/product\/elements-dalgebre-ou-du-calcul-litteral-avec-un-precis-de-la-methode-analytique-appliquee-a-la-resolution-des-equations-du-premier-du-second-degre\/&via=ElibronBooks\" target=\"_blank\" rel=\"noopener nofollow\"><span class=\"icon\"><\/span><span class=\"text\">Tweet<\/span><\/a><div class=\"onoffswitch2 mash-large mashsb-noshadow\" style=\"display:none;\"><\/div><\/div>\r\n            <\/div>\r\n                <div style=\"clear:both;\"><\/div><div class=\"mashsb-toggle-container\"><\/div><\/aside>\r\n            <!-- Share buttons by mashshare.net - Version: 3.5.7-->","protected":false},"excerpt":{"rendered":"","protected":false},"featured_media":43835,"comment_status":"closed","ping_status":"open","template":"","meta":{"_acf_changed":false,"jetpack_post_was_ever_published":false,"jetpack_publicize_message":"","jetpack_publicize_feature_enabled":true,"jetpack_social_post_already_shared":false,"jetpack_social_options":{"image_generator_settings":{"template":"highway","enabled":false},"version":2}},"product_brand":[],"product_cat":[6,2438,2365],"product_tag":[299,91],"class_list":{"0":"post-43834","1":"product","2":"type-product","3":"status-publish","4":"has-post-thumbnail","6":"product_cat-books","7":"product_cat-mathematics-statistics-books","8":"product_cat-sciences-books","9":"product_tag-mathematics-statistics","10":"product_tag-sciences","12":"first","13":"instock","14":"purchasable","15":"product-type-simple"},"jetpack_publicize_connections":[],"acf":[],"jetpack_sharing_enabled":true,"_links":{"self":[{"href":"https:\/\/www.elibron.com\/catalog\/wp-json\/wp\/v2\/product\/43834","targetHints":{"allow":["GET"]}}],"collection":[{"href":"https:\/\/www.elibron.com\/catalog\/wp-json\/wp\/v2\/product"}],"about":[{"href":"https:\/\/www.elibron.com\/catalog\/wp-json\/wp\/v2\/types\/product"}],"replies":[{"embeddable":true,"href":"https:\/\/www.elibron.com\/catalog\/wp-json\/wp\/v2\/comments?post=43834"}],"wp:featuredmedia":[{"embeddable":true,"href":"https:\/\/www.elibron.com\/catalog\/wp-json\/wp\/v2\/media\/43835"}],"wp:attachment":[{"href":"https:\/\/www.elibron.com\/catalog\/wp-json\/wp\/v2\/media?parent=43834"}],"wp:term":[{"taxonomy":"product_brand","embeddable":true,"href":"https:\/\/www.elibron.com\/catalog\/wp-json\/wp\/v2\/product_brand?post=43834"},{"taxonomy":"product_cat","embeddable":true,"href":"https:\/\/www.elibron.com\/catalog\/wp-json\/wp\/v2\/product_cat?post=43834"},{"taxonomy":"product_tag","embeddable":true,"href":"https:\/\/www.elibron.com\/catalog\/wp-json\/wp\/v2\/product_tag?post=43834"}],"curies":[{"name":"wp","href":"https:\/\/api.w.org\/{rel}","templated":true}]}}