{"id":43268,"date":"2017-04-05T03:21:55","date_gmt":"2017-04-05T03:21:55","guid":{"rendered":"https:\/\/www.elibron.com\/catalog\/product\/denkmaler-aus-agypten-und-athiopien-nach-den-zeichnungen-der-von-seiner-majestat-dem-konige-von-preussen-friedrich-wilhelm-iv-nach-diesen-landern-gesendeten-und-in-den-jahren-1842-1845-ausgefuhrten-5\/"},"modified":"2017-04-06T08:51:18","modified_gmt":"2017-04-06T08:51:18","slug":"denkmaler-aus-agypten-und-athiopien-nach-den-zeichnungen-der-von-seiner-majestat-dem-konige-von-preussen-friedrich-wilhelm-iv-nach-diesen-landern-gesendeten-und-in-den-jahren-1842-1845-ausgefuhrten-5","status":"publish","type":"product","link":"https:\/\/www.elibron.com\/catalog\/product\/denkmaler-aus-agypten-und-athiopien-nach-den-zeichnungen-der-von-seiner-majestat-dem-konige-von-preussen-friedrich-wilhelm-iv-nach-diesen-landern-gesendeten-und-in-den-jahren-1842-1845-ausgefuhrten-5\/","title":{"rendered":"Denkm\u00e4ler aus \u00c4gypten und \u00c4thiopien nach den Zeichnungen der von Seiner Majest\u00e4t dem K\u00f6nige von Preussen Friedrich Wilhelm IV. nach diesen L\u00e4ndern gesendeten und in den Jahren 1842-1845 ausgef\u00fchrten wissenschaftlichen Expedition. Textband V. Nubien, Hamma"},"content":{"rendered":"<aside class=\"mashsb-container mashsb-main mashsb-stretched\"><div class=\"mashsb-box\"><div class=\"mashsb-buttons\"><a  class=\"mashicon-facebook mash-large mash-center mashsb-noshadow\" href=\"https:\/\/www.facebook.com\/sharer.php?u=https%3A%2F%2Fwww.elibron.com%2Fcatalog%2Fproduct%2Fdenkmaler-aus-agypten-und-athiopien-nach-den-zeichnungen-der-von-seiner-majestat-dem-konige-von-preussen-friedrich-wilhelm-iv-nach-diesen-landern-gesendeten-und-in-den-jahren-1842-1845-ausgefuhrten-5%2F\" target=\"_blank\" rel=\"noopener nofollow\"><span class=\"icon\"><\/span><span class=\"text\">Share<\/span><\/a><a  class=\"mashicon-twitter mash-large mash-center mashsb-noshadow\" href=\"https:\/\/twitter.com\/intent\/tweet?text=&url=https:\/\/www.elibron.com\/catalog\/product\/denkmaler-aus-agypten-und-athiopien-nach-den-zeichnungen-der-von-seiner-majestat-dem-konige-von-preussen-friedrich-wilhelm-iv-nach-diesen-landern-gesendeten-und-in-den-jahren-1842-1845-ausgefuhrten-5\/&via=ElibronBooks\" target=\"_blank\" rel=\"noopener nofollow\"><span class=\"icon\"><\/span><span class=\"text\">Tweet<\/span><\/a><div class=\"onoffswitch2 mash-large mashsb-noshadow\" style=\"display:none;\"><\/div><\/div>\r\n            <\/div>\r\n                <div style=\"clear:both;\"><\/div><div class=\"mashsb-toggle-container\"><\/div><\/aside>\r\n            <!-- Share buttons by mashshare.net - Version: 3.5.7-->","protected":false},"excerpt":{"rendered":"","protected":false},"featured_media":43269,"comment_status":"closed","ping_status":"open","template":"","meta":{"_acf_changed":false,"jetpack_post_was_ever_published":false,"jetpack_publicize_message":"","jetpack_publicize_feature_enabled":true,"jetpack_social_post_already_shared":false,"jetpack_social_options":{"image_generator_settings":{"template":"highway","enabled":false},"version":2}},"product_brand":[],"product_cat":[2409,2486,6,2410,2355,2365],"product_tag":[214,527,236,74,91],"class_list":{"0":"post-43268","1":"product","2":"type-product","3":"status-publish","4":"has-post-thumbnail","6":"product_cat-ancient-history","7":"product_cat-archaeology","8":"product_cat-books","9":"product_cat-general-books","10":"product_cat-history-books","11":"product_cat-sciences-books","12":"product_tag-ancient-history","13":"product_tag-archaeology","14":"product_tag-general","15":"product_tag-history","16":"product_tag-sciences","18":"first","19":"instock","20":"purchasable","21":"product-type-simple"},"jetpack_publicize_connections":[],"acf":[],"jetpack_sharing_enabled":true,"_links":{"self":[{"href":"https:\/\/www.elibron.com\/catalog\/wp-json\/wp\/v2\/product\/43268","targetHints":{"allow":["GET"]}}],"collection":[{"href":"https:\/\/www.elibron.com\/catalog\/wp-json\/wp\/v2\/product"}],"about":[{"href":"https:\/\/www.elibron.com\/catalog\/wp-json\/wp\/v2\/types\/product"}],"replies":[{"embeddable":true,"href":"https:\/\/www.elibron.com\/catalog\/wp-json\/wp\/v2\/comments?post=43268"}],"wp:featuredmedia":[{"embeddable":true,"href":"https:\/\/www.elibron.com\/catalog\/wp-json\/wp\/v2\/media\/43269"}],"wp:attachment":[{"href":"https:\/\/www.elibron.com\/catalog\/wp-json\/wp\/v2\/media?parent=43268"}],"wp:term":[{"taxonomy":"product_brand","embeddable":true,"href":"https:\/\/www.elibron.com\/catalog\/wp-json\/wp\/v2\/product_brand?post=43268"},{"taxonomy":"product_cat","embeddable":true,"href":"https:\/\/www.elibron.com\/catalog\/wp-json\/wp\/v2\/product_cat?post=43268"},{"taxonomy":"product_tag","embeddable":true,"href":"https:\/\/www.elibron.com\/catalog\/wp-json\/wp\/v2\/product_tag?post=43268"}],"curies":[{"name":"wp","href":"https:\/\/api.w.org\/{rel}","templated":true}]}}