{"id":42524,"date":"2017-04-05T02:41:46","date_gmt":"2017-04-05T02:41:46","guid":{"rendered":"https:\/\/www.elibron.com\/catalog\/product\/memoire-concernant-linfluence-du-stoicisme-sur-la-doctrine-des-jurisconsultes-romains-lu-dans-les-seances-des-2-9-et-16-juillet-1859\/"},"modified":"2017-04-06T08:44:28","modified_gmt":"2017-04-06T08:44:28","slug":"memoire-concernant-linfluence-du-stoicisme-sur-la-doctrine-des-jurisconsultes-romains-lu-dans-les-seances-des-2-9-et-16-juillet-1859","status":"publish","type":"product","link":"https:\/\/www.elibron.com\/catalog\/product\/memoire-concernant-linfluence-du-stoicisme-sur-la-doctrine-des-jurisconsultes-romains-lu-dans-les-seances-des-2-9-et-16-juillet-1859\/","title":{"rendered":"M\u00e9moire concernant l&#8217;influence du sto\u00efcisme sur la doctrine des jurisconsultes romains. Lu dans les s\u00e9ances des 2, 9 et 16 juillet 1859"},"content":{"rendered":"<aside class=\"mashsb-container mashsb-main mashsb-stretched\"><div class=\"mashsb-box\"><div class=\"mashsb-buttons\"><a  class=\"mashicon-facebook mash-large mash-center mashsb-noshadow\" href=\"https:\/\/www.facebook.com\/sharer.php?u=https%3A%2F%2Fwww.elibron.com%2Fcatalog%2Fproduct%2Fmemoire-concernant-linfluence-du-stoicisme-sur-la-doctrine-des-jurisconsultes-romains-lu-dans-les-seances-des-2-9-et-16-juillet-1859%2F\" target=\"_blank\" rel=\"noopener nofollow\"><span class=\"icon\"><\/span><span class=\"text\">Share<\/span><\/a><a  class=\"mashicon-twitter mash-large mash-center mashsb-noshadow\" href=\"https:\/\/twitter.com\/intent\/tweet?text=&url=https:\/\/www.elibron.com\/catalog\/product\/memoire-concernant-linfluence-du-stoicisme-sur-la-doctrine-des-jurisconsultes-romains-lu-dans-les-seances-des-2-9-et-16-juillet-1859\/&via=ElibronBooks\" target=\"_blank\" rel=\"noopener nofollow\"><span class=\"icon\"><\/span><span class=\"text\">Tweet<\/span><\/a><div class=\"onoffswitch2 mash-large mashsb-noshadow\" style=\"display:none;\"><\/div><\/div>\r\n            <\/div>\r\n                <div style=\"clear:both;\"><\/div><div class=\"mashsb-toggle-container\"><\/div><\/aside>\r\n            <!-- Share buttons by mashshare.net - Version: 3.5.7-->","protected":false},"excerpt":{"rendered":"","protected":false},"featured_media":42525,"comment_status":"closed","ping_status":"open","template":"","meta":{"_acf_changed":false,"jetpack_post_was_ever_published":false,"jetpack_publicize_message":"","jetpack_publicize_feature_enabled":true,"jetpack_social_post_already_shared":false,"jetpack_social_options":{"image_generator_settings":{"template":"highway","enabled":false},"version":2}},"product_brand":[],"product_cat":[2385,6,2374,2340,2361],"product_tag":[145,115,17,84],"class_list":{"0":"post-42524","1":"product","2":"type-product","3":"status-publish","4":"has-post-thumbnail","6":"product_cat-ancient-and-hellenistic","7":"product_cat-books","8":"product_cat-history-of-law-books","9":"product_cat-law-books","10":"product_cat-philosophy-books","11":"product_tag-ancient-and-hellenistic","12":"product_tag-history-of-law","13":"product_tag-law","14":"product_tag-philosophy","16":"first","17":"instock","18":"purchasable","19":"product-type-simple"},"jetpack_publicize_connections":[],"acf":[],"jetpack_sharing_enabled":true,"_links":{"self":[{"href":"https:\/\/www.elibron.com\/catalog\/wp-json\/wp\/v2\/product\/42524","targetHints":{"allow":["GET"]}}],"collection":[{"href":"https:\/\/www.elibron.com\/catalog\/wp-json\/wp\/v2\/product"}],"about":[{"href":"https:\/\/www.elibron.com\/catalog\/wp-json\/wp\/v2\/types\/product"}],"replies":[{"embeddable":true,"href":"https:\/\/www.elibron.com\/catalog\/wp-json\/wp\/v2\/comments?post=42524"}],"wp:featuredmedia":[{"embeddable":true,"href":"https:\/\/www.elibron.com\/catalog\/wp-json\/wp\/v2\/media\/42525"}],"wp:attachment":[{"href":"https:\/\/www.elibron.com\/catalog\/wp-json\/wp\/v2\/media?parent=42524"}],"wp:term":[{"taxonomy":"product_brand","embeddable":true,"href":"https:\/\/www.elibron.com\/catalog\/wp-json\/wp\/v2\/product_brand?post=42524"},{"taxonomy":"product_cat","embeddable":true,"href":"https:\/\/www.elibron.com\/catalog\/wp-json\/wp\/v2\/product_cat?post=42524"},{"taxonomy":"product_tag","embeddable":true,"href":"https:\/\/www.elibron.com\/catalog\/wp-json\/wp\/v2\/product_tag?post=42524"}],"curies":[{"name":"wp","href":"https:\/\/api.w.org\/{rel}","templated":true}]}}