{"id":41400,"date":"2017-04-05T01:40:55","date_gmt":"2017-04-05T01:40:55","guid":{"rendered":"https:\/\/www.elibron.com\/catalog\/product\/klassische-vorschule-zur-griechischen-und-romischen-poesie-fur-gebildete-aller-stande-geschichte-nebst-umfassender-den-besten-ubersetzungen-entnommener-auswahl-des-bedeutendsten-und-schonsten-der-po\/"},"modified":"2017-04-06T08:34:06","modified_gmt":"2017-04-06T08:34:06","slug":"klassische-vorschule-zur-griechischen-und-romischen-poesie-fur-gebildete-aller-stande-geschichte-nebst-umfassender-den-besten-ubersetzungen-entnommener-auswahl-des-bedeutendsten-und-schonsten-der-po","status":"publish","type":"product","link":"https:\/\/www.elibron.com\/catalog\/product\/klassische-vorschule-zur-griechischen-und-romischen-poesie-fur-gebildete-aller-stande-geschichte-nebst-umfassender-den-besten-ubersetzungen-entnommener-auswahl-des-bedeutendsten-und-schonsten-der-po\/","title":{"rendered":"Klassische Vorschule zur griechischen und r\u00f6mischen Poesie f\u00fcr Gebildete aller St\u00e4nde. Geschichte nebst umfassender, den besten \u00dcbersetzungen entnommener Auswahl des Bedeutendsten und Sch\u00f6nsten der poetischen Literatur der Griechen und R\u00f6mer. Band I. Hell"},"content":{"rendered":"<aside class=\"mashsb-container mashsb-main mashsb-stretched\"><div class=\"mashsb-box\"><div class=\"mashsb-buttons\"><a  class=\"mashicon-facebook mash-large mash-center mashsb-noshadow\" href=\"https:\/\/www.facebook.com\/sharer.php?u=https%3A%2F%2Fwww.elibron.com%2Fcatalog%2Fproduct%2Fklassische-vorschule-zur-griechischen-und-romischen-poesie-fur-gebildete-aller-stande-geschichte-nebst-umfassender-den-besten-ubersetzungen-entnommener-auswahl-des-bedeutendsten-und-schonsten-der-po%2F\" target=\"_blank\" rel=\"noopener nofollow\"><span class=\"icon\"><\/span><span class=\"text\">Share<\/span><\/a><a  class=\"mashicon-twitter mash-large mash-center mashsb-noshadow\" href=\"https:\/\/twitter.com\/intent\/tweet?text=&url=https:\/\/www.elibron.com\/catalog\/product\/klassische-vorschule-zur-griechischen-und-romischen-poesie-fur-gebildete-aller-stande-geschichte-nebst-umfassender-den-besten-ubersetzungen-entnommener-auswahl-des-bedeutendsten-und-schonsten-der-po\/&via=ElibronBooks\" target=\"_blank\" rel=\"noopener nofollow\"><span class=\"icon\"><\/span><span class=\"text\">Tweet<\/span><\/a><div class=\"onoffswitch2 mash-large mashsb-noshadow\" style=\"display:none;\"><\/div><\/div>\r\n            <\/div>\r\n                <div style=\"clear:both;\"><\/div><div class=\"mashsb-toggle-container\"><\/div><\/aside>\r\n            <!-- Share buttons by mashshare.net - Version: 3.5.7-->","protected":false},"excerpt":{"rendered":"","protected":false},"featured_media":41401,"comment_status":"closed","ping_status":"open","template":"","meta":{"_acf_changed":false,"jetpack_post_was_ever_published":false,"jetpack_publicize_message":"","jetpack_publicize_feature_enabled":true,"jetpack_social_post_already_shared":false,"jetpack_social_options":{"image_generator_settings":{"template":"highway","enabled":false},"version":2}},"product_brand":[],"product_cat":[6,2334],"product_tag":[10],"class_list":{"0":"post-41400","1":"product","2":"type-product","3":"status-publish","4":"has-post-thumbnail","6":"product_cat-books","7":"product_cat-poetry-books","8":"product_tag-poetry","10":"first","11":"instock","12":"purchasable","13":"product-type-simple"},"jetpack_publicize_connections":[],"acf":[],"jetpack_sharing_enabled":true,"_links":{"self":[{"href":"https:\/\/www.elibron.com\/catalog\/wp-json\/wp\/v2\/product\/41400","targetHints":{"allow":["GET"]}}],"collection":[{"href":"https:\/\/www.elibron.com\/catalog\/wp-json\/wp\/v2\/product"}],"about":[{"href":"https:\/\/www.elibron.com\/catalog\/wp-json\/wp\/v2\/types\/product"}],"replies":[{"embeddable":true,"href":"https:\/\/www.elibron.com\/catalog\/wp-json\/wp\/v2\/comments?post=41400"}],"wp:featuredmedia":[{"embeddable":true,"href":"https:\/\/www.elibron.com\/catalog\/wp-json\/wp\/v2\/media\/41401"}],"wp:attachment":[{"href":"https:\/\/www.elibron.com\/catalog\/wp-json\/wp\/v2\/media?parent=41400"}],"wp:term":[{"taxonomy":"product_brand","embeddable":true,"href":"https:\/\/www.elibron.com\/catalog\/wp-json\/wp\/v2\/product_brand?post=41400"},{"taxonomy":"product_cat","embeddable":true,"href":"https:\/\/www.elibron.com\/catalog\/wp-json\/wp\/v2\/product_cat?post=41400"},{"taxonomy":"product_tag","embeddable":true,"href":"https:\/\/www.elibron.com\/catalog\/wp-json\/wp\/v2\/product_tag?post=41400"}],"curies":[{"name":"wp","href":"https:\/\/api.w.org\/{rel}","templated":true}]}}