{"id":41204,"date":"2017-04-05T01:30:11","date_gmt":"2017-04-05T01:30:11","guid":{"rendered":"https:\/\/www.elibron.com\/catalog\/product\/preussens-heer-preussens-ehr-militar-und-kulturgeschichtliche-bilder-aus-drei-jahrhunderten-der-reiferen-deutschen-jugend-gewidmet-band-ii-husarenkonig-und-kurassiergeneral-aus-dem-feld-und\/"},"modified":"2017-04-06T08:32:16","modified_gmt":"2017-04-06T08:32:16","slug":"preussens-heer-preussens-ehr-militar-und-kulturgeschichtliche-bilder-aus-drei-jahrhunderten-der-reiferen-deutschen-jugend-gewidmet-band-ii-husarenkonig-und-kurassiergeneral-aus-dem-feld-und","status":"publish","type":"product","link":"https:\/\/www.elibron.com\/catalog\/product\/preussens-heer-preussens-ehr-militar-und-kulturgeschichtliche-bilder-aus-drei-jahrhunderten-der-reiferen-deutschen-jugend-gewidmet-band-ii-husarenkonig-und-kurassiergeneral-aus-dem-feld-und\/","title":{"rendered":"Preussens Heer &#8211; Preussens Ehr&#8217;!. Milit\u00e4r- und kulturgeschichtliche Bilder aus drei Jahrhunderten. Der reiferen deutschen Jugend gewidmet. Band II. Husarenk\u00f6nig und K\u00fcrassiergeneral. Aus dem Feld- und Lagerleben der Soldaten des alten Fritz"},"content":{"rendered":"<aside class=\"mashsb-container mashsb-main mashsb-stretched\"><div class=\"mashsb-box\"><div class=\"mashsb-buttons\"><a  class=\"mashicon-facebook mash-large mash-center mashsb-noshadow\" href=\"https:\/\/www.facebook.com\/sharer.php?u=https%3A%2F%2Fwww.elibron.com%2Fcatalog%2Fproduct%2Fpreussens-heer-preussens-ehr-militar-und-kulturgeschichtliche-bilder-aus-drei-jahrhunderten-der-reiferen-deutschen-jugend-gewidmet-band-ii-husarenkonig-und-kurassiergeneral-aus-dem-feld-und%2F\" target=\"_blank\" rel=\"noopener nofollow\"><span class=\"icon\"><\/span><span class=\"text\">Share<\/span><\/a><a  class=\"mashicon-twitter mash-large mash-center mashsb-noshadow\" href=\"https:\/\/twitter.com\/intent\/tweet?text=&url=https:\/\/www.elibron.com\/catalog\/product\/preussens-heer-preussens-ehr-militar-und-kulturgeschichtliche-bilder-aus-drei-jahrhunderten-der-reiferen-deutschen-jugend-gewidmet-band-ii-husarenkonig-und-kurassiergeneral-aus-dem-feld-und\/&via=ElibronBooks\" target=\"_blank\" rel=\"noopener nofollow\"><span class=\"icon\"><\/span><span class=\"text\">Tweet<\/span><\/a><div class=\"onoffswitch2 mash-large mashsb-noshadow\" style=\"display:none;\"><\/div><\/div>\r\n            <\/div>\r\n                <div style=\"clear:both;\"><\/div><div class=\"mashsb-toggle-container\"><\/div><\/aside>\r\n            <!-- Share buttons by mashshare.net - Version: 3.5.7-->","protected":false},"excerpt":{"rendered":"","protected":false},"featured_media":41205,"comment_status":"closed","ping_status":"open","template":"","meta":{"_acf_changed":false,"jetpack_post_was_ever_published":false,"jetpack_publicize_message":"","jetpack_publicize_feature_enabled":true,"jetpack_social_post_already_shared":false,"jetpack_social_options":{"image_generator_settings":{"template":"highway","enabled":false},"version":2}},"product_brand":[],"product_cat":[6,2349,2356,2355,2369],"product_tag":[28,79,74,715],"class_list":{"0":"post-41204","1":"product","2":"type-product","3":"status-publish","4":"has-post-thumbnail","6":"product_cat-books","7":"product_cat-children-books","8":"product_cat-europe-books","9":"product_cat-history-books","10":"product_cat-middle-grade-books","11":"product_tag-children","12":"product_tag-europe","13":"product_tag-history","14":"product_tag-middle-grade","16":"first","17":"instock","18":"purchasable","19":"product-type-simple"},"jetpack_publicize_connections":[],"acf":[],"jetpack_sharing_enabled":true,"_links":{"self":[{"href":"https:\/\/www.elibron.com\/catalog\/wp-json\/wp\/v2\/product\/41204","targetHints":{"allow":["GET"]}}],"collection":[{"href":"https:\/\/www.elibron.com\/catalog\/wp-json\/wp\/v2\/product"}],"about":[{"href":"https:\/\/www.elibron.com\/catalog\/wp-json\/wp\/v2\/types\/product"}],"replies":[{"embeddable":true,"href":"https:\/\/www.elibron.com\/catalog\/wp-json\/wp\/v2\/comments?post=41204"}],"wp:featuredmedia":[{"embeddable":true,"href":"https:\/\/www.elibron.com\/catalog\/wp-json\/wp\/v2\/media\/41205"}],"wp:attachment":[{"href":"https:\/\/www.elibron.com\/catalog\/wp-json\/wp\/v2\/media?parent=41204"}],"wp:term":[{"taxonomy":"product_brand","embeddable":true,"href":"https:\/\/www.elibron.com\/catalog\/wp-json\/wp\/v2\/product_brand?post=41204"},{"taxonomy":"product_cat","embeddable":true,"href":"https:\/\/www.elibron.com\/catalog\/wp-json\/wp\/v2\/product_cat?post=41204"},{"taxonomy":"product_tag","embeddable":true,"href":"https:\/\/www.elibron.com\/catalog\/wp-json\/wp\/v2\/product_tag?post=41204"}],"curies":[{"name":"wp","href":"https:\/\/api.w.org\/{rel}","templated":true}]}}