{"id":40996,"date":"2017-04-05T01:18:44","date_gmt":"2017-04-05T01:18:44","guid":{"rendered":"https:\/\/www.elibron.com\/catalog\/product\/memoires-de-mme-de-motteville-sur-anne-dautriche-et-sa-cour-dapres-le-manuscrit-de-conrart-avec-une-annotation-extraite-des-ecrits-de-monglas-omer-talon-de-retz-etc-des-eclaircissements-et-un\/"},"modified":"2017-04-06T08:30:18","modified_gmt":"2017-04-06T08:30:18","slug":"memoires-de-mme-de-motteville-sur-anne-dautriche-et-sa-cour-dapres-le-manuscrit-de-conrart-avec-une-annotation-extraite-des-ecrits-de-monglas-omer-talon-de-retz-etc-des-eclaircissements-et-un","status":"publish","type":"product","link":"https:\/\/www.elibron.com\/catalog\/product\/memoires-de-mme-de-motteville-sur-anne-dautriche-et-sa-cour-dapres-le-manuscrit-de-conrart-avec-une-annotation-extraite-des-ecrits-de-monglas-omer-talon-de-retz-etc-des-eclaircissements-et-un\/","title":{"rendered":"M\u00e9moires de Mme de Motteville sur Anne d&#8217;Autriche et sa cour. D&#8217;apr\u00e8s le manuscrit de Conrart, avec une annotation extraite des \u00e9crits de Monglas, Omer, Talon, de Retz etc., des \u00e9claircissements et un index par M. F. Riaux, et une Notice sur Mme de Mottev"},"content":{"rendered":"<aside class=\"mashsb-container mashsb-main mashsb-stretched\"><div class=\"mashsb-box\"><div class=\"mashsb-buttons\"><a  class=\"mashicon-facebook mash-large mash-center mashsb-noshadow\" href=\"https:\/\/www.facebook.com\/sharer.php?u=https%3A%2F%2Fwww.elibron.com%2Fcatalog%2Fproduct%2Fmemoires-de-mme-de-motteville-sur-anne-dautriche-et-sa-cour-dapres-le-manuscrit-de-conrart-avec-une-annotation-extraite-des-ecrits-de-monglas-omer-talon-de-retz-etc-des-eclaircissements-et-un%2F\" target=\"_blank\" rel=\"noopener nofollow\"><span class=\"icon\"><\/span><span class=\"text\">Share<\/span><\/a><a  class=\"mashicon-twitter mash-large mash-center mashsb-noshadow\" href=\"https:\/\/twitter.com\/intent\/tweet?text=&url=https:\/\/www.elibron.com\/catalog\/product\/memoires-de-mme-de-motteville-sur-anne-dautriche-et-sa-cour-dapres-le-manuscrit-de-conrart-avec-une-annotation-extraite-des-ecrits-de-monglas-omer-talon-de-retz-etc-des-eclaircissements-et-un\/&via=ElibronBooks\" target=\"_blank\" rel=\"noopener nofollow\"><span class=\"icon\"><\/span><span class=\"text\">Tweet<\/span><\/a><div class=\"onoffswitch2 mash-large mashsb-noshadow\" style=\"display:none;\"><\/div><\/div>\r\n            <\/div>\r\n                <div style=\"clear:both;\"><\/div><div class=\"mashsb-toggle-container\"><\/div><\/aside>\r\n            <!-- Share buttons by mashshare.net - Version: 3.5.7-->","protected":false},"excerpt":{"rendered":"","protected":false},"featured_media":40997,"comment_status":"closed","ping_status":"open","template":"","meta":{"_acf_changed":false,"jetpack_post_was_ever_published":false,"jetpack_publicize_message":"","jetpack_publicize_feature_enabled":true,"jetpack_social_post_already_shared":false,"jetpack_social_options":{"image_generator_settings":{"template":"highway","enabled":false},"version":2}},"product_brand":[],"product_cat":[2344,6,2356,2401,2355,2400],"product_tag":[53,79,189,74,188],"class_list":{"0":"post-40996","1":"product","2":"type-product","3":"status-publish","4":"has-post-thumbnail","6":"product_cat-biography-memoir-books","7":"product_cat-books","8":"product_cat-europe-books","9":"product_cat-heads-of-state-books","10":"product_cat-history-books","11":"product_cat-politicians-books","12":"product_tag-biography-memoir","13":"product_tag-europe","14":"product_tag-heads-of-state","15":"product_tag-history","16":"product_tag-politicians","18":"first","19":"instock","20":"purchasable","21":"product-type-simple"},"jetpack_publicize_connections":[],"acf":[],"jetpack_sharing_enabled":true,"_links":{"self":[{"href":"https:\/\/www.elibron.com\/catalog\/wp-json\/wp\/v2\/product\/40996","targetHints":{"allow":["GET"]}}],"collection":[{"href":"https:\/\/www.elibron.com\/catalog\/wp-json\/wp\/v2\/product"}],"about":[{"href":"https:\/\/www.elibron.com\/catalog\/wp-json\/wp\/v2\/types\/product"}],"replies":[{"embeddable":true,"href":"https:\/\/www.elibron.com\/catalog\/wp-json\/wp\/v2\/comments?post=40996"}],"wp:featuredmedia":[{"embeddable":true,"href":"https:\/\/www.elibron.com\/catalog\/wp-json\/wp\/v2\/media\/40997"}],"wp:attachment":[{"href":"https:\/\/www.elibron.com\/catalog\/wp-json\/wp\/v2\/media?parent=40996"}],"wp:term":[{"taxonomy":"product_brand","embeddable":true,"href":"https:\/\/www.elibron.com\/catalog\/wp-json\/wp\/v2\/product_brand?post=40996"},{"taxonomy":"product_cat","embeddable":true,"href":"https:\/\/www.elibron.com\/catalog\/wp-json\/wp\/v2\/product_cat?post=40996"},{"taxonomy":"product_tag","embeddable":true,"href":"https:\/\/www.elibron.com\/catalog\/wp-json\/wp\/v2\/product_tag?post=40996"}],"curies":[{"name":"wp","href":"https:\/\/api.w.org\/{rel}","templated":true}]}}