{"id":39086,"date":"2017-04-03T22:46:26","date_gmt":"2017-04-03T22:46:26","guid":{"rendered":"https:\/\/www.elibron.com\/catalog\/product\/goethe-galerie-charaktere-aus-goethes-werken-funfzig-blatter-in-stahlstich-gezeichnet-von-friedrich-pecht-und-arthur-von-ramberg-mit-erlauterndem-texte-von-friedrich-pecht\/"},"modified":"2017-04-06T08:12:24","modified_gmt":"2017-04-06T08:12:24","slug":"goethe-galerie-charaktere-aus-goethes-werken-funfzig-blatter-in-stahlstich-gezeichnet-von-friedrich-pecht-und-arthur-von-ramberg-mit-erlauterndem-texte-von-friedrich-pecht","status":"publish","type":"product","link":"https:\/\/www.elibron.com\/catalog\/product\/goethe-galerie-charaktere-aus-goethes-werken-funfzig-blatter-in-stahlstich-gezeichnet-von-friedrich-pecht-und-arthur-von-ramberg-mit-erlauterndem-texte-von-friedrich-pecht\/","title":{"rendered":"Goethe-Galerie. Charaktere aus Goethe&#8217;s Werken. F\u00fcnfzig Bl\u00e4tter in Stahlstich. Gezeichnet von Friedrich Pecht und Arthur von Ramberg; Mit erl\u00e4uterndem Texte von Friedrich Pecht"},"content":{"rendered":"<aside class=\"mashsb-container mashsb-main mashsb-stretched\"><div class=\"mashsb-box\"><div class=\"mashsb-buttons\"><a  class=\"mashicon-facebook mash-large mash-center mashsb-noshadow\" href=\"https:\/\/www.facebook.com\/sharer.php?u=https%3A%2F%2Fwww.elibron.com%2Fcatalog%2Fproduct%2Fgoethe-galerie-charaktere-aus-goethes-werken-funfzig-blatter-in-stahlstich-gezeichnet-von-friedrich-pecht-und-arthur-von-ramberg-mit-erlauterndem-texte-von-friedrich-pecht%2F\" target=\"_blank\" rel=\"noopener nofollow\"><span class=\"icon\"><\/span><span class=\"text\">Share<\/span><\/a><a  class=\"mashicon-twitter mash-large mash-center mashsb-noshadow\" href=\"https:\/\/twitter.com\/intent\/tweet?text=&url=https:\/\/www.elibron.com\/catalog\/product\/goethe-galerie-charaktere-aus-goethes-werken-funfzig-blatter-in-stahlstich-gezeichnet-von-friedrich-pecht-und-arthur-von-ramberg-mit-erlauterndem-texte-von-friedrich-pecht\/&via=ElibronBooks\" target=\"_blank\" rel=\"noopener nofollow\"><span class=\"icon\"><\/span><span class=\"text\">Tweet<\/span><\/a><div class=\"onoffswitch2 mash-large mashsb-noshadow\" style=\"display:none;\"><\/div><\/div>\r\n            <\/div>\r\n                <div style=\"clear:both;\"><\/div><div class=\"mashsb-toggle-container\"><\/div><\/aside>\r\n            <!-- Share buttons by mashshare.net - Version: 3.5.7-->","protected":false},"excerpt":{"rendered":"","protected":false},"featured_media":39087,"comment_status":"closed","ping_status":"open","template":"","meta":{"_acf_changed":false,"jetpack_post_was_ever_published":false,"jetpack_publicize_message":"","jetpack_publicize_feature_enabled":true,"jetpack_social_post_already_shared":false,"jetpack_social_options":{"image_generator_settings":{"template":"highway","enabled":false},"version":2}},"product_brand":[],"product_cat":[2398,6,2337,2468],"product_tag":[182,119,425],"class_list":{"0":"post-39086","1":"product","2":"type-product","3":"status-publish","4":"has-post-thumbnail","6":"product_cat-arts-entertainment-books","7":"product_cat-books","8":"product_cat-literary-criticism-studies-books","9":"product_cat-painting-drawing-books","10":"product_tag-arts-entertainment","11":"product_tag-literary-criticism-studies","12":"product_tag-painting-drawing","14":"first","15":"instock","16":"purchasable","17":"product-type-simple"},"jetpack_publicize_connections":[],"acf":[],"jetpack_sharing_enabled":true,"_links":{"self":[{"href":"https:\/\/www.elibron.com\/catalog\/wp-json\/wp\/v2\/product\/39086","targetHints":{"allow":["GET"]}}],"collection":[{"href":"https:\/\/www.elibron.com\/catalog\/wp-json\/wp\/v2\/product"}],"about":[{"href":"https:\/\/www.elibron.com\/catalog\/wp-json\/wp\/v2\/types\/product"}],"replies":[{"embeddable":true,"href":"https:\/\/www.elibron.com\/catalog\/wp-json\/wp\/v2\/comments?post=39086"}],"wp:featuredmedia":[{"embeddable":true,"href":"https:\/\/www.elibron.com\/catalog\/wp-json\/wp\/v2\/media\/39087"}],"wp:attachment":[{"href":"https:\/\/www.elibron.com\/catalog\/wp-json\/wp\/v2\/media?parent=39086"}],"wp:term":[{"taxonomy":"product_brand","embeddable":true,"href":"https:\/\/www.elibron.com\/catalog\/wp-json\/wp\/v2\/product_brand?post=39086"},{"taxonomy":"product_cat","embeddable":true,"href":"https:\/\/www.elibron.com\/catalog\/wp-json\/wp\/v2\/product_cat?post=39086"},{"taxonomy":"product_tag","embeddable":true,"href":"https:\/\/www.elibron.com\/catalog\/wp-json\/wp\/v2\/product_tag?post=39086"}],"curies":[{"name":"wp","href":"https:\/\/api.w.org\/{rel}","templated":true}]}}