{"id":3838,"date":"2017-04-03T11:02:56","date_gmt":"2017-04-03T11:02:56","guid":{"rendered":"https:\/\/www.elibron.com\/catalog\/product\/le-livre-des-usaiges-et-anciennes-coustumes-de-la-conte-de-guysnes-avec-une-introduction-et-des-notes-par-m-tailliar-conseiller-a-la-cour-de-douai-et-un-apercu-historique-sur-le-comte-de-guines\/"},"modified":"2017-04-06T01:08:45","modified_gmt":"2017-04-06T01:08:45","slug":"le-livre-des-usaiges-et-anciennes-coustumes-de-la-conte-de-guysnes-avec-une-introduction-et-des-notes-par-m-tailliar-conseiller-a-la-cour-de-douai-et-un-apercu-historique-sur-le-comte-de-guines","status":"publish","type":"product","link":"https:\/\/www.elibron.com\/catalog\/product\/le-livre-des-usaiges-et-anciennes-coustumes-de-la-conte-de-guysnes-avec-une-introduction-et-des-notes-par-m-tailliar-conseiller-a-la-cour-de-douai-et-un-apercu-historique-sur-le-comte-de-guines\/","title":{"rendered":"Le livre des usaiges et anciennes coustumes de la cont\u00e9 de Guysnes. Avec une introduction et des notes, par M. Tailliar, conseiller a la cour de Douai, et un aper\u00e7u historique sur le comt\u00e9 de Guines, par M. Courtois, avocat, secr\u00e9taire-archiviste de la so"},"content":{"rendered":"<aside class=\"mashsb-container mashsb-main mashsb-stretched\"><div class=\"mashsb-box\"><div class=\"mashsb-buttons\"><a  class=\"mashicon-facebook mash-large mash-center mashsb-noshadow\" href=\"https:\/\/www.facebook.com\/sharer.php?u=https%3A%2F%2Fwww.elibron.com%2Fcatalog%2Fproduct%2Fle-livre-des-usaiges-et-anciennes-coustumes-de-la-conte-de-guysnes-avec-une-introduction-et-des-notes-par-m-tailliar-conseiller-a-la-cour-de-douai-et-un-apercu-historique-sur-le-comte-de-guines%2F\" target=\"_blank\" rel=\"noopener nofollow\"><span class=\"icon\"><\/span><span class=\"text\">Share<\/span><\/a><a  class=\"mashicon-twitter mash-large mash-center mashsb-noshadow\" href=\"https:\/\/twitter.com\/intent\/tweet?text=&url=https:\/\/www.elibron.com\/catalog\/product\/le-livre-des-usaiges-et-anciennes-coustumes-de-la-conte-de-guysnes-avec-une-introduction-et-des-notes-par-m-tailliar-conseiller-a-la-cour-de-douai-et-un-apercu-historique-sur-le-comte-de-guines\/&via=ElibronBooks\" target=\"_blank\" rel=\"noopener nofollow\"><span class=\"icon\"><\/span><span class=\"text\">Tweet<\/span><\/a><div class=\"onoffswitch2 mash-large mashsb-noshadow\" style=\"display:none;\"><\/div><\/div>\r\n            <\/div>\r\n                <div style=\"clear:both;\"><\/div><div class=\"mashsb-toggle-container\"><\/div><\/aside>\r\n            <!-- Share buttons by mashshare.net - Version: 3.5.7-->","protected":false},"excerpt":{"rendered":"","protected":false},"featured_media":3839,"comment_status":"closed","ping_status":"open","template":"","meta":{"_acf_changed":false,"jetpack_post_was_ever_published":false,"jetpack_publicize_message":"","jetpack_publicize_feature_enabled":true,"jetpack_social_post_already_shared":false,"jetpack_social_options":{"image_generator_settings":{"template":"highway","enabled":false},"version":2}},"product_brand":[],"product_cat":[6,2356,2355,2340],"product_tag":[79,74,17],"class_list":{"0":"post-3838","1":"product","2":"type-product","3":"status-publish","4":"has-post-thumbnail","6":"product_cat-books","7":"product_cat-europe-books","8":"product_cat-history-books","9":"product_cat-law-books","10":"product_tag-europe","11":"product_tag-history","12":"product_tag-law","14":"first","15":"instock","16":"purchasable","17":"product-type-simple"},"jetpack_publicize_connections":[],"acf":[],"jetpack_sharing_enabled":true,"_links":{"self":[{"href":"https:\/\/www.elibron.com\/catalog\/wp-json\/wp\/v2\/product\/3838","targetHints":{"allow":["GET"]}}],"collection":[{"href":"https:\/\/www.elibron.com\/catalog\/wp-json\/wp\/v2\/product"}],"about":[{"href":"https:\/\/www.elibron.com\/catalog\/wp-json\/wp\/v2\/types\/product"}],"replies":[{"embeddable":true,"href":"https:\/\/www.elibron.com\/catalog\/wp-json\/wp\/v2\/comments?post=3838"}],"wp:featuredmedia":[{"embeddable":true,"href":"https:\/\/www.elibron.com\/catalog\/wp-json\/wp\/v2\/media\/3839"}],"wp:attachment":[{"href":"https:\/\/www.elibron.com\/catalog\/wp-json\/wp\/v2\/media?parent=3838"}],"wp:term":[{"taxonomy":"product_brand","embeddable":true,"href":"https:\/\/www.elibron.com\/catalog\/wp-json\/wp\/v2\/product_brand?post=3838"},{"taxonomy":"product_cat","embeddable":true,"href":"https:\/\/www.elibron.com\/catalog\/wp-json\/wp\/v2\/product_cat?post=3838"},{"taxonomy":"product_tag","embeddable":true,"href":"https:\/\/www.elibron.com\/catalog\/wp-json\/wp\/v2\/product_tag?post=3838"}],"curies":[{"name":"wp","href":"https:\/\/api.w.org\/{rel}","templated":true}]}}