{"id":34224,"date":"2017-04-03T20:35:23","date_gmt":"2017-04-03T20:35:23","guid":{"rendered":"https:\/\/www.elibron.com\/catalog\/product\/theatre-de-campagne-par-h-bogage-e-ceillier-ch-cros-p-delair-p-deroulede-e-desbeaux-a-dreyfus-p-ferrier-e-d-hervilly-e-jouan-e-legouve-a-seguin-le-comte-sollohub-e-verconsin\/"},"modified":"2017-04-06T07:27:33","modified_gmt":"2017-04-06T07:27:33","slug":"theatre-de-campagne-par-h-bogage-e-ceillier-ch-cros-p-delair-p-deroulede-e-desbeaux-a-dreyfus-p-ferrier-e-d-hervilly-e-jouan-e-legouve-a-seguin-le-comte-sollohub-e-verconsin","status":"publish","type":"product","link":"https:\/\/www.elibron.com\/catalog\/product\/theatre-de-campagne-par-h-bogage-e-ceillier-ch-cros-p-delair-p-deroulede-e-desbeaux-a-dreyfus-p-ferrier-e-d-hervilly-e-jouan-e-legouve-a-seguin-le-comte-sollohub-e-verconsin\/","title":{"rendered":"Th\u00e9atre de campagne. Par H. Bogage, E. Ceillier, Ch. Cros, P.D\u00e9lair, P. D\u00e9roul\u00e8de, E. Desbeaux, A. Dreyfus, P. Ferrier, E. d&#8217; Hervilly, E. Jouan, E. Legouv\u00e9, A. S\u00e9guin, le comte Sollohub, E. Verconsin. S\u00e9rie 6"},"content":{"rendered":"<aside class=\"mashsb-container mashsb-main mashsb-stretched\"><div class=\"mashsb-box\"><div class=\"mashsb-buttons\"><a  class=\"mashicon-facebook mash-large mash-center mashsb-noshadow\" href=\"https:\/\/www.facebook.com\/sharer.php?u=https%3A%2F%2Fwww.elibron.com%2Fcatalog%2Fproduct%2Ftheatre-de-campagne-par-h-bogage-e-ceillier-ch-cros-p-delair-p-deroulede-e-desbeaux-a-dreyfus-p-ferrier-e-d-hervilly-e-jouan-e-legouve-a-seguin-le-comte-sollohub-e-verconsin%2F\" target=\"_blank\" rel=\"noopener nofollow\"><span class=\"icon\"><\/span><span class=\"text\">Share<\/span><\/a><a  class=\"mashicon-twitter mash-large mash-center mashsb-noshadow\" href=\"https:\/\/twitter.com\/intent\/tweet?text=&url=https:\/\/www.elibron.com\/catalog\/product\/theatre-de-campagne-par-h-bogage-e-ceillier-ch-cros-p-delair-p-deroulede-e-desbeaux-a-dreyfus-p-ferrier-e-d-hervilly-e-jouan-e-legouve-a-seguin-le-comte-sollohub-e-verconsin\/&via=ElibronBooks\" target=\"_blank\" rel=\"noopener nofollow\"><span class=\"icon\"><\/span><span class=\"text\">Tweet<\/span><\/a><div class=\"onoffswitch2 mash-large mashsb-noshadow\" style=\"display:none;\"><\/div><\/div>\r\n            <\/div>\r\n                <div style=\"clear:both;\"><\/div><div class=\"mashsb-toggle-container\"><\/div><\/aside>\r\n            <!-- Share buttons by mashshare.net - Version: 3.5.7-->","protected":false},"excerpt":{"rendered":"","protected":false},"featured_media":34225,"comment_status":"closed","ping_status":"open","template":"","meta":{"_acf_changed":false,"jetpack_post_was_ever_published":false,"jetpack_publicize_message":"","jetpack_publicize_feature_enabled":true,"jetpack_social_post_already_shared":false,"jetpack_social_options":{"image_generator_settings":{"template":"highway","enabled":false},"version":2}},"product_brand":[],"product_cat":[6,2339,2338],"product_tag":[42,15],"class_list":{"0":"post-34224","1":"product","2":"type-product","3":"status-publish","4":"has-post-thumbnail","6":"product_cat-books","7":"product_cat-classical-medieval-books","8":"product_cat-drama-books","9":"product_tag-classical-medieval","10":"product_tag-drama","12":"first","13":"instock","14":"purchasable","15":"product-type-simple"},"jetpack_publicize_connections":[],"acf":[],"jetpack_sharing_enabled":true,"_links":{"self":[{"href":"https:\/\/www.elibron.com\/catalog\/wp-json\/wp\/v2\/product\/34224","targetHints":{"allow":["GET"]}}],"collection":[{"href":"https:\/\/www.elibron.com\/catalog\/wp-json\/wp\/v2\/product"}],"about":[{"href":"https:\/\/www.elibron.com\/catalog\/wp-json\/wp\/v2\/types\/product"}],"replies":[{"embeddable":true,"href":"https:\/\/www.elibron.com\/catalog\/wp-json\/wp\/v2\/comments?post=34224"}],"wp:featuredmedia":[{"embeddable":true,"href":"https:\/\/www.elibron.com\/catalog\/wp-json\/wp\/v2\/media\/34225"}],"wp:attachment":[{"href":"https:\/\/www.elibron.com\/catalog\/wp-json\/wp\/v2\/media?parent=34224"}],"wp:term":[{"taxonomy":"product_brand","embeddable":true,"href":"https:\/\/www.elibron.com\/catalog\/wp-json\/wp\/v2\/product_brand?post=34224"},{"taxonomy":"product_cat","embeddable":true,"href":"https:\/\/www.elibron.com\/catalog\/wp-json\/wp\/v2\/product_cat?post=34224"},{"taxonomy":"product_tag","embeddable":true,"href":"https:\/\/www.elibron.com\/catalog\/wp-json\/wp\/v2\/product_tag?post=34224"}],"curies":[{"name":"wp","href":"https:\/\/api.w.org\/{rel}","templated":true}]}}