{"id":31604,"date":"2017-04-03T19:26:17","date_gmt":"2017-04-03T19:26:17","guid":{"rendered":"https:\/\/www.elibron.com\/catalog\/product\/les-emaux-de-petitot-du-musee-imperial-du-louvre-portraits-de-personnages-historiques-et-de-femmes-celebres-du-siecle-de-louis-xiv-graves-au-burin-par-m-l-ceroni-tome-1\/"},"modified":"2017-04-06T07:03:16","modified_gmt":"2017-04-06T07:03:16","slug":"les-emaux-de-petitot-du-musee-imperial-du-louvre-portraits-de-personnages-historiques-et-de-femmes-celebres-du-siecle-de-louis-xiv-graves-au-burin-par-m-l-ceroni-tome-1","status":"publish","type":"product","link":"https:\/\/www.elibron.com\/catalog\/product\/les-emaux-de-petitot-du-musee-imperial-du-louvre-portraits-de-personnages-historiques-et-de-femmes-celebres-du-siecle-de-louis-xiv-graves-au-burin-par-m-l-ceroni-tome-1\/","title":{"rendered":"Les \u00e9maux de Petitot du Mus\u00e9e imp\u00e9rial du Louvre. Portraits de personnages historiques et de femmes c\u00e9l\u00e8bres du si\u00e8cle de Louis XIV. Grav\u00e9s au burin par M. L. Ceroni. Tome 1"},"content":{"rendered":"<aside class=\"mashsb-container mashsb-main mashsb-stretched\"><div class=\"mashsb-box\"><div class=\"mashsb-buttons\"><a  class=\"mashicon-facebook mash-large mash-center mashsb-noshadow\" href=\"https:\/\/www.facebook.com\/sharer.php?u=https%3A%2F%2Fwww.elibron.com%2Fcatalog%2Fproduct%2Fles-emaux-de-petitot-du-musee-imperial-du-louvre-portraits-de-personnages-historiques-et-de-femmes-celebres-du-siecle-de-louis-xiv-graves-au-burin-par-m-l-ceroni-tome-1%2F\" target=\"_blank\" rel=\"noopener nofollow\"><span class=\"icon\"><\/span><span class=\"text\">Share<\/span><\/a><a  class=\"mashicon-twitter mash-large mash-center mashsb-noshadow\" href=\"https:\/\/twitter.com\/intent\/tweet?text=&url=https:\/\/www.elibron.com\/catalog\/product\/les-emaux-de-petitot-du-musee-imperial-du-louvre-portraits-de-personnages-historiques-et-de-femmes-celebres-du-siecle-de-louis-xiv-graves-au-burin-par-m-l-ceroni-tome-1\/&via=ElibronBooks\" target=\"_blank\" rel=\"noopener nofollow\"><span class=\"icon\"><\/span><span class=\"text\">Tweet<\/span><\/a><div class=\"onoffswitch2 mash-large mashsb-noshadow\" style=\"display:none;\"><\/div><\/div>\r\n            <\/div>\r\n                <div style=\"clear:both;\"><\/div><div class=\"mashsb-toggle-container\"><\/div><\/aside>\r\n            <!-- Share buttons by mashshare.net - Version: 3.5.7-->","protected":false},"excerpt":{"rendered":"","protected":false},"featured_media":31605,"comment_status":"closed","ping_status":"open","template":"","meta":{"_acf_changed":false,"jetpack_post_was_ever_published":false,"jetpack_publicize_message":"","jetpack_publicize_feature_enabled":true,"jetpack_social_post_already_shared":false,"jetpack_social_options":{"image_generator_settings":{"template":"highway","enabled":false},"version":2}},"product_brand":[],"product_cat":[2398,6,2467],"product_tag":[182,415],"class_list":{"0":"post-31604","1":"product","2":"type-product","3":"status-publish","4":"has-post-thumbnail","6":"product_cat-arts-entertainment-books","7":"product_cat-books","8":"product_cat-museums-collections-books","9":"product_tag-arts-entertainment","10":"product_tag-museums-collections","12":"first","13":"instock","14":"purchasable","15":"product-type-simple"},"jetpack_publicize_connections":[],"acf":[],"jetpack_sharing_enabled":true,"_links":{"self":[{"href":"https:\/\/www.elibron.com\/catalog\/wp-json\/wp\/v2\/product\/31604","targetHints":{"allow":["GET"]}}],"collection":[{"href":"https:\/\/www.elibron.com\/catalog\/wp-json\/wp\/v2\/product"}],"about":[{"href":"https:\/\/www.elibron.com\/catalog\/wp-json\/wp\/v2\/types\/product"}],"replies":[{"embeddable":true,"href":"https:\/\/www.elibron.com\/catalog\/wp-json\/wp\/v2\/comments?post=31604"}],"wp:featuredmedia":[{"embeddable":true,"href":"https:\/\/www.elibron.com\/catalog\/wp-json\/wp\/v2\/media\/31605"}],"wp:attachment":[{"href":"https:\/\/www.elibron.com\/catalog\/wp-json\/wp\/v2\/media?parent=31604"}],"wp:term":[{"taxonomy":"product_brand","embeddable":true,"href":"https:\/\/www.elibron.com\/catalog\/wp-json\/wp\/v2\/product_brand?post=31604"},{"taxonomy":"product_cat","embeddable":true,"href":"https:\/\/www.elibron.com\/catalog\/wp-json\/wp\/v2\/product_cat?post=31604"},{"taxonomy":"product_tag","embeddable":true,"href":"https:\/\/www.elibron.com\/catalog\/wp-json\/wp\/v2\/product_tag?post=31604"}],"curies":[{"name":"wp","href":"https:\/\/api.w.org\/{rel}","templated":true}]}}