{"id":31534,"date":"2017-04-03T19:24:25","date_gmt":"2017-04-03T19:24:25","guid":{"rendered":"https:\/\/www.elibron.com\/catalog\/product\/costumbres-de-derecho-y-economia-rural-consignadas-en-los-contratos-agricolas-usuales-en-las-provincias-de-la-peninsula-espanola-agrupadas-segun-los-antiguos-reinos\/"},"modified":"2017-04-06T07:02:39","modified_gmt":"2017-04-06T07:02:39","slug":"costumbres-de-derecho-y-economia-rural-consignadas-en-los-contratos-agricolas-usuales-en-las-provincias-de-la-peninsula-espanola-agrupadas-segun-los-antiguos-reinos","status":"publish","type":"product","link":"https:\/\/www.elibron.com\/catalog\/product\/costumbres-de-derecho-y-economia-rural-consignadas-en-los-contratos-agricolas-usuales-en-las-provincias-de-la-peninsula-espanola-agrupadas-segun-los-antiguos-reinos\/","title":{"rendered":"Costumbres de derecho y econom\u00eda rural. Consignadas en los contratos agr\u00edcolas usuales en las provincias de la Pen\u00ednsula espa\u00f1ola, agrupadas seg\u00fan los antiguos reinos"},"content":{"rendered":"<aside class=\"mashsb-container mashsb-main mashsb-stretched\"><div class=\"mashsb-box\"><div class=\"mashsb-buttons\"><a  class=\"mashicon-facebook mash-large mash-center mashsb-noshadow\" href=\"https:\/\/www.facebook.com\/sharer.php?u=https%3A%2F%2Fwww.elibron.com%2Fcatalog%2Fproduct%2Fcostumbres-de-derecho-y-economia-rural-consignadas-en-los-contratos-agricolas-usuales-en-las-provincias-de-la-peninsula-espanola-agrupadas-segun-los-antiguos-reinos%2F\" target=\"_blank\" rel=\"noopener nofollow\"><span class=\"icon\"><\/span><span class=\"text\">Share<\/span><\/a><a  class=\"mashicon-twitter mash-large mash-center mashsb-noshadow\" href=\"https:\/\/twitter.com\/intent\/tweet?text=&url=https:\/\/www.elibron.com\/catalog\/product\/costumbres-de-derecho-y-economia-rural-consignadas-en-los-contratos-agricolas-usuales-en-las-provincias-de-la-peninsula-espanola-agrupadas-segun-los-antiguos-reinos\/&via=ElibronBooks\" target=\"_blank\" rel=\"noopener nofollow\"><span class=\"icon\"><\/span><span class=\"text\">Tweet<\/span><\/a><div class=\"onoffswitch2 mash-large mashsb-noshadow\" style=\"display:none;\"><\/div><\/div>\r\n            <\/div>\r\n                <div style=\"clear:both;\"><\/div><div class=\"mashsb-toggle-container\"><\/div><\/aside>\r\n            <!-- Share buttons by mashshare.net - Version: 3.5.7-->","protected":false},"excerpt":{"rendered":"","protected":false},"featured_media":31535,"comment_status":"closed","ping_status":"open","template":"","meta":{"_acf_changed":false,"jetpack_post_was_ever_published":false,"jetpack_publicize_message":"","jetpack_publicize_feature_enabled":true,"jetpack_social_post_already_shared":false,"jetpack_social_options":{"image_generator_settings":{"template":"highway","enabled":false},"version":2}},"product_brand":[],"product_cat":[2485,6,2448],"product_tag":[549,360],"class_list":{"0":"post-31534","1":"product","2":"type-product","3":"status-publish","4":"has-post-thumbnail","6":"product_cat-agribusiness","7":"product_cat-books","8":"product_cat-business-books","9":"product_tag-agribusiness","10":"product_tag-business","12":"first","13":"instock","14":"purchasable","15":"product-type-simple"},"jetpack_publicize_connections":[],"acf":[],"jetpack_sharing_enabled":true,"_links":{"self":[{"href":"https:\/\/www.elibron.com\/catalog\/wp-json\/wp\/v2\/product\/31534","targetHints":{"allow":["GET"]}}],"collection":[{"href":"https:\/\/www.elibron.com\/catalog\/wp-json\/wp\/v2\/product"}],"about":[{"href":"https:\/\/www.elibron.com\/catalog\/wp-json\/wp\/v2\/types\/product"}],"replies":[{"embeddable":true,"href":"https:\/\/www.elibron.com\/catalog\/wp-json\/wp\/v2\/comments?post=31534"}],"wp:featuredmedia":[{"embeddable":true,"href":"https:\/\/www.elibron.com\/catalog\/wp-json\/wp\/v2\/media\/31535"}],"wp:attachment":[{"href":"https:\/\/www.elibron.com\/catalog\/wp-json\/wp\/v2\/media?parent=31534"}],"wp:term":[{"taxonomy":"product_brand","embeddable":true,"href":"https:\/\/www.elibron.com\/catalog\/wp-json\/wp\/v2\/product_brand?post=31534"},{"taxonomy":"product_cat","embeddable":true,"href":"https:\/\/www.elibron.com\/catalog\/wp-json\/wp\/v2\/product_cat?post=31534"},{"taxonomy":"product_tag","embeddable":true,"href":"https:\/\/www.elibron.com\/catalog\/wp-json\/wp\/v2\/product_tag?post=31534"}],"curies":[{"name":"wp","href":"https:\/\/api.w.org\/{rel}","templated":true}]}}