{"id":30496,"date":"2017-04-03T18:57:10","date_gmt":"2017-04-03T18:57:10","guid":{"rendered":"https:\/\/www.elibron.com\/catalog\/product\/lehrbuch-der-chirurgie-und-operationslehre-mit-freier-benutzung-von-vidals-traite-de-pathologie-externe-et-de-medecine-operatoire-besonders-fur-das-bedurfniss-der-studierenden-band-i\/"},"modified":"2017-04-06T06:53:02","modified_gmt":"2017-04-06T06:53:02","slug":"lehrbuch-der-chirurgie-und-operationslehre-mit-freier-benutzung-von-vidals-traite-de-pathologie-externe-et-de-medecine-operatoire-besonders-fur-das-bedurfniss-der-studierenden-band-i","status":"publish","type":"product","link":"https:\/\/www.elibron.com\/catalog\/product\/lehrbuch-der-chirurgie-und-operationslehre-mit-freier-benutzung-von-vidals-traite-de-pathologie-externe-et-de-medecine-operatoire-besonders-fur-das-bedurfniss-der-studierenden-band-i\/","title":{"rendered":"Lehrbuch der Chirurgie und Operationslehre. Mit freier Benutzung von Vidal&#8217;s Trait\u00e9 de pathologie externe et de m\u00e9decine op\u00e9ratoire; besonders f\u00fcr das Bed\u00fcrfniss der Studierenden. Band I"},"content":{"rendered":"<aside class=\"mashsb-container mashsb-main mashsb-stretched\"><div class=\"mashsb-box\"><div class=\"mashsb-buttons\"><a  class=\"mashicon-facebook mash-large mash-center mashsb-noshadow\" href=\"https:\/\/www.facebook.com\/sharer.php?u=https%3A%2F%2Fwww.elibron.com%2Fcatalog%2Fproduct%2Flehrbuch-der-chirurgie-und-operationslehre-mit-freier-benutzung-von-vidals-traite-de-pathologie-externe-et-de-medecine-operatoire-besonders-fur-das-bedurfniss-der-studierenden-band-i%2F\" target=\"_blank\" rel=\"noopener nofollow\"><span class=\"icon\"><\/span><span class=\"text\">Share<\/span><\/a><a  class=\"mashicon-twitter mash-large mash-center mashsb-noshadow\" href=\"https:\/\/twitter.com\/intent\/tweet?text=&url=https:\/\/www.elibron.com\/catalog\/product\/lehrbuch-der-chirurgie-und-operationslehre-mit-freier-benutzung-von-vidals-traite-de-pathologie-externe-et-de-medecine-operatoire-besonders-fur-das-bedurfniss-der-studierenden-band-i\/&via=ElibronBooks\" target=\"_blank\" rel=\"noopener nofollow\"><span class=\"icon\"><\/span><span class=\"text\">Tweet<\/span><\/a><div class=\"onoffswitch2 mash-large mashsb-noshadow\" style=\"display:none;\"><\/div><\/div>\r\n            <\/div>\r\n                <div style=\"clear:both;\"><\/div><div class=\"mashsb-toggle-container\"><\/div><\/aside>\r\n            <!-- Share buttons by mashshare.net - Version: 3.5.7-->","protected":false},"excerpt":{"rendered":"","protected":false},"featured_media":30497,"comment_status":"closed","ping_status":"open","template":"","meta":{"_acf_changed":false,"jetpack_post_was_ever_published":false,"jetpack_publicize_message":"","jetpack_publicize_feature_enabled":true,"jetpack_social_post_already_shared":false,"jetpack_social_options":{"image_generator_settings":{"template":"highway","enabled":false},"version":2}},"product_brand":[],"product_cat":[6,2410,2396,2571],"product_tag":[236,178,1227],"class_list":{"0":"post-30496","1":"product","2":"type-product","3":"status-publish","4":"has-post-thumbnail","6":"product_cat-books","7":"product_cat-general-books","8":"product_cat-medicine-health-care-books","9":"product_cat-surgery-books","10":"product_tag-general","11":"product_tag-medicine-health-care","12":"product_tag-surgery","14":"first","15":"instock","16":"purchasable","17":"product-type-simple"},"jetpack_publicize_connections":[],"acf":[],"jetpack_sharing_enabled":true,"_links":{"self":[{"href":"https:\/\/www.elibron.com\/catalog\/wp-json\/wp\/v2\/product\/30496","targetHints":{"allow":["GET"]}}],"collection":[{"href":"https:\/\/www.elibron.com\/catalog\/wp-json\/wp\/v2\/product"}],"about":[{"href":"https:\/\/www.elibron.com\/catalog\/wp-json\/wp\/v2\/types\/product"}],"replies":[{"embeddable":true,"href":"https:\/\/www.elibron.com\/catalog\/wp-json\/wp\/v2\/comments?post=30496"}],"wp:featuredmedia":[{"embeddable":true,"href":"https:\/\/www.elibron.com\/catalog\/wp-json\/wp\/v2\/media\/30497"}],"wp:attachment":[{"href":"https:\/\/www.elibron.com\/catalog\/wp-json\/wp\/v2\/media?parent=30496"}],"wp:term":[{"taxonomy":"product_brand","embeddable":true,"href":"https:\/\/www.elibron.com\/catalog\/wp-json\/wp\/v2\/product_brand?post=30496"},{"taxonomy":"product_cat","embeddable":true,"href":"https:\/\/www.elibron.com\/catalog\/wp-json\/wp\/v2\/product_cat?post=30496"},{"taxonomy":"product_tag","embeddable":true,"href":"https:\/\/www.elibron.com\/catalog\/wp-json\/wp\/v2\/product_tag?post=30496"}],"curies":[{"name":"wp","href":"https:\/\/api.w.org\/{rel}","templated":true}]}}