{"id":28032,"date":"2017-04-03T17:52:20","date_gmt":"2017-04-03T17:52:20","guid":{"rendered":"https:\/\/www.elibron.com\/catalog\/product\/monde-primitif-analyse-et-compare-avec-le-monde-moderne-etc-tome-8-monde-primitif%c2%85-considere-dans-divers-objets-concernant-lhistoire-le-blason-les-monnoies-les-jeux-les-voyages-des-pheni\/"},"modified":"2017-04-06T06:30:18","modified_gmt":"2017-04-06T06:30:18","slug":"monde-primitif-analyse-et-compare-avec-le-monde-moderne-etc-tome-8-monde-primitif%c2%85-considere-dans-divers-objets-concernant-lhistoire-le-blason-les-monnoies-les-jeux-les-voyages-des-pheni","status":"publish","type":"product","link":"https:\/\/www.elibron.com\/catalog\/product\/monde-primitif-analyse-et-compare-avec-le-monde-moderne-etc-tome-8-monde-primitif%c2%85-considere-dans-divers-objets-concernant-lhistoire-le-blason-les-monnoies-les-jeux-les-voyages-des-pheni\/","title":{"rendered":"Monde primitif, analys\u00e9 et compar\u00e9 avec le monde moderne, etc. Tome 8: Monde primitif\u0085 consid\u00e9r\u00e9 dans divers objets concernant l&#8217;histoire, le blason, les monnoies, les jeux, les voyages des Ph\u00e9niciens autour du monde, les langues am\u00e9ricaines, etc. Ou Diss"},"content":{"rendered":"<aside class=\"mashsb-container mashsb-main mashsb-stretched\"><div class=\"mashsb-box\"><div class=\"mashsb-buttons\"><a  class=\"mashicon-facebook mash-large mash-center mashsb-noshadow\" href=\"https:\/\/www.facebook.com\/sharer.php?u=https%3A%2F%2Fwww.elibron.com%2Fcatalog%2Fproduct%2Fmonde-primitif-analyse-et-compare-avec-le-monde-moderne-etc-tome-8-monde-primitif%25c2%2585-considere-dans-divers-objets-concernant-lhistoire-le-blason-les-monnoies-les-jeux-les-voyages-des-pheni%2F\" target=\"_blank\" rel=\"noopener nofollow\"><span class=\"icon\"><\/span><span class=\"text\">Share<\/span><\/a><a  class=\"mashicon-twitter mash-large mash-center mashsb-noshadow\" href=\"https:\/\/twitter.com\/intent\/tweet?text=&url=https:\/\/www.elibron.com\/catalog\/product\/monde-primitif-analyse-et-compare-avec-le-monde-moderne-etc-tome-8-monde-primitif%c2%85-considere-dans-divers-objets-concernant-lhistoire-le-blason-les-monnoies-les-jeux-les-voyages-des-pheni\/&via=ElibronBooks\" target=\"_blank\" rel=\"noopener nofollow\"><span class=\"icon\"><\/span><span class=\"text\">Tweet<\/span><\/a><div class=\"onoffswitch2 mash-large mashsb-noshadow\" style=\"display:none;\"><\/div><\/div>\r\n            <\/div>\r\n                <div style=\"clear:both;\"><\/div><div class=\"mashsb-toggle-container\"><\/div><\/aside>\r\n            <!-- Share buttons by mashshare.net - Version: 3.5.7-->","protected":false},"excerpt":{"rendered":"","protected":false},"featured_media":28033,"comment_status":"closed","ping_status":"open","template":"","meta":{"_acf_changed":false,"jetpack_post_was_ever_published":false,"jetpack_publicize_message":"","jetpack_publicize_feature_enabled":true,"jetpack_social_post_already_shared":false,"jetpack_social_options":{"image_generator_settings":{"template":"highway","enabled":false},"version":2}},"product_brand":[],"product_cat":[6,2414,2394],"product_tag":[225,224],"class_list":{"0":"post-28032","1":"product","2":"type-product","3":"status-publish","4":"has-post-thumbnail","6":"product_cat-books","7":"product_cat-encyclopedias-books","8":"product_cat-reference-books","9":"product_tag-encyclopedias","10":"product_tag-reference","12":"first","13":"instock","14":"purchasable","15":"product-type-simple"},"jetpack_publicize_connections":[],"acf":[],"jetpack_sharing_enabled":true,"_links":{"self":[{"href":"https:\/\/www.elibron.com\/catalog\/wp-json\/wp\/v2\/product\/28032","targetHints":{"allow":["GET"]}}],"collection":[{"href":"https:\/\/www.elibron.com\/catalog\/wp-json\/wp\/v2\/product"}],"about":[{"href":"https:\/\/www.elibron.com\/catalog\/wp-json\/wp\/v2\/types\/product"}],"replies":[{"embeddable":true,"href":"https:\/\/www.elibron.com\/catalog\/wp-json\/wp\/v2\/comments?post=28032"}],"wp:featuredmedia":[{"embeddable":true,"href":"https:\/\/www.elibron.com\/catalog\/wp-json\/wp\/v2\/media\/28033"}],"wp:attachment":[{"href":"https:\/\/www.elibron.com\/catalog\/wp-json\/wp\/v2\/media?parent=28032"}],"wp:term":[{"taxonomy":"product_brand","embeddable":true,"href":"https:\/\/www.elibron.com\/catalog\/wp-json\/wp\/v2\/product_brand?post=28032"},{"taxonomy":"product_cat","embeddable":true,"href":"https:\/\/www.elibron.com\/catalog\/wp-json\/wp\/v2\/product_cat?post=28032"},{"taxonomy":"product_tag","embeddable":true,"href":"https:\/\/www.elibron.com\/catalog\/wp-json\/wp\/v2\/product_tag?post=28032"}],"curies":[{"name":"wp","href":"https:\/\/api.w.org\/{rel}","templated":true}]}}