{"id":27976,"date":"2017-04-03T17:50:55","date_gmt":"2017-04-03T17:50:55","guid":{"rendered":"https:\/\/www.elibron.com\/catalog\/product\/les-enfants-celebres-ou-histoire-des-enfants-de-tous-les-siecles-et-de-tous-les-pays-qui-se-sont-immortalises-par-le-malheur-la-piete-le-courage-le-genie-le-savoir-et-le-talent\/"},"modified":"2017-04-06T06:29:47","modified_gmt":"2017-04-06T06:29:47","slug":"les-enfants-celebres-ou-histoire-des-enfants-de-tous-les-siecles-et-de-tous-les-pays-qui-se-sont-immortalises-par-le-malheur-la-piete-le-courage-le-genie-le-savoir-et-le-talent","status":"publish","type":"product","link":"https:\/\/www.elibron.com\/catalog\/product\/les-enfants-celebres-ou-histoire-des-enfants-de-tous-les-siecles-et-de-tous-les-pays-qui-se-sont-immortalises-par-le-malheur-la-piete-le-courage-le-genie-le-savoir-et-le-talent\/","title":{"rendered":"Les enfants c\u00e9l\u00e8bres ou histoire des enfants de tous les si\u00e8cles et de tous les pays qui se sont immortalis\u00e9s par le malheur, la pi\u00e9t\u00e9, le courage, le g\u00e9nie, le savoir et le talent"},"content":{"rendered":"<aside class=\"mashsb-container mashsb-main mashsb-stretched\"><div class=\"mashsb-box\"><div class=\"mashsb-buttons\"><a  class=\"mashicon-facebook mash-large mash-center mashsb-noshadow\" href=\"https:\/\/www.facebook.com\/sharer.php?u=https%3A%2F%2Fwww.elibron.com%2Fcatalog%2Fproduct%2Fles-enfants-celebres-ou-histoire-des-enfants-de-tous-les-siecles-et-de-tous-les-pays-qui-se-sont-immortalises-par-le-malheur-la-piete-le-courage-le-genie-le-savoir-et-le-talent%2F\" target=\"_blank\" rel=\"noopener nofollow\"><span class=\"icon\"><\/span><span class=\"text\">Share<\/span><\/a><a  class=\"mashicon-twitter mash-large mash-center mashsb-noshadow\" href=\"https:\/\/twitter.com\/intent\/tweet?text=&url=https:\/\/www.elibron.com\/catalog\/product\/les-enfants-celebres-ou-histoire-des-enfants-de-tous-les-siecles-et-de-tous-les-pays-qui-se-sont-immortalises-par-le-malheur-la-piete-le-courage-le-genie-le-savoir-et-le-talent\/&via=ElibronBooks\" target=\"_blank\" rel=\"noopener nofollow\"><span class=\"icon\"><\/span><span class=\"text\">Tweet<\/span><\/a><div class=\"onoffswitch2 mash-large mashsb-noshadow\" style=\"display:none;\"><\/div><\/div>\r\n            <\/div>\r\n                <div style=\"clear:both;\"><\/div><div class=\"mashsb-toggle-container\"><\/div><\/aside>\r\n            <!-- Share buttons by mashshare.net - Version: 3.5.7-->","protected":false},"excerpt":{"rendered":"","protected":false},"featured_media":27977,"comment_status":"closed","ping_status":"open","template":"","meta":{"_acf_changed":false,"jetpack_post_was_ever_published":false,"jetpack_publicize_message":"","jetpack_publicize_feature_enabled":true,"jetpack_social_post_already_shared":false,"jetpack_social_options":{"image_generator_settings":{"template":"highway","enabled":false},"version":2}},"product_brand":[],"product_cat":[2344,6,2349,2356,2355,2369,2351],"product_tag":[53,28,79,74,715,1887],"class_list":{"0":"post-27976","1":"product","2":"type-product","3":"status-publish","4":"has-post-thumbnail","6":"product_cat-biography-memoir-books","7":"product_cat-books","8":"product_cat-children-books","9":"product_cat-europe-books","10":"product_cat-history-books","11":"product_cat-middle-grade-books","12":"product_cat-young-adult-books","13":"product_tag-biography-memoir","14":"product_tag-children","15":"product_tag-europe","16":"product_tag-history","17":"product_tag-middle-grade","18":"product_tag-young-adult","20":"first","21":"instock","22":"purchasable","23":"product-type-simple"},"jetpack_publicize_connections":[],"acf":[],"jetpack_sharing_enabled":true,"_links":{"self":[{"href":"https:\/\/www.elibron.com\/catalog\/wp-json\/wp\/v2\/product\/27976","targetHints":{"allow":["GET"]}}],"collection":[{"href":"https:\/\/www.elibron.com\/catalog\/wp-json\/wp\/v2\/product"}],"about":[{"href":"https:\/\/www.elibron.com\/catalog\/wp-json\/wp\/v2\/types\/product"}],"replies":[{"embeddable":true,"href":"https:\/\/www.elibron.com\/catalog\/wp-json\/wp\/v2\/comments?post=27976"}],"wp:featuredmedia":[{"embeddable":true,"href":"https:\/\/www.elibron.com\/catalog\/wp-json\/wp\/v2\/media\/27977"}],"wp:attachment":[{"href":"https:\/\/www.elibron.com\/catalog\/wp-json\/wp\/v2\/media?parent=27976"}],"wp:term":[{"taxonomy":"product_brand","embeddable":true,"href":"https:\/\/www.elibron.com\/catalog\/wp-json\/wp\/v2\/product_brand?post=27976"},{"taxonomy":"product_cat","embeddable":true,"href":"https:\/\/www.elibron.com\/catalog\/wp-json\/wp\/v2\/product_cat?post=27976"},{"taxonomy":"product_tag","embeddable":true,"href":"https:\/\/www.elibron.com\/catalog\/wp-json\/wp\/v2\/product_tag?post=27976"}],"curies":[{"name":"wp","href":"https:\/\/api.w.org\/{rel}","templated":true}]}}