{"id":26882,"date":"2017-04-03T17:25:15","date_gmt":"2017-04-03T17:25:15","guid":{"rendered":"https:\/\/www.elibron.com\/catalog\/product\/les-vies-des-plus-illustres-philosophes-de-lantiquite-avec-leurs-dogmes-leurs-systemes-leur-morale-et-leurs-sentences-les-plus-remarquables-traduites-du-grec-par-j-g-de-chauffepie\/"},"modified":"2017-04-06T06:19:45","modified_gmt":"2017-04-06T06:19:45","slug":"les-vies-des-plus-illustres-philosophes-de-lantiquite-avec-leurs-dogmes-leurs-systemes-leur-morale-et-leurs-sentences-les-plus-remarquables-traduites-du-grec-par-j-g-de-chauffepie","status":"publish","type":"product","link":"https:\/\/www.elibron.com\/catalog\/product\/les-vies-des-plus-illustres-philosophes-de-lantiquite-avec-leurs-dogmes-leurs-systemes-leur-morale-et-leurs-sentences-les-plus-remarquables-traduites-du-grec-par-j-g-de-chauffepie\/","title":{"rendered":"Les vies des plus illustres philosophes de l&#8217;antiquit\u00e9. Avec leurs dogmes, leurs syst\u00e8mes, leur morale et leurs sentences les plus remarquables. Traduites du grec par J. G. de Chauffepi\u00e9"},"content":{"rendered":"<aside class=\"mashsb-container mashsb-main mashsb-stretched\"><div class=\"mashsb-box\"><div class=\"mashsb-buttons\"><a  class=\"mashicon-facebook mash-large mash-center mashsb-noshadow\" href=\"https:\/\/www.facebook.com\/sharer.php?u=https%3A%2F%2Fwww.elibron.com%2Fcatalog%2Fproduct%2Fles-vies-des-plus-illustres-philosophes-de-lantiquite-avec-leurs-dogmes-leurs-systemes-leur-morale-et-leurs-sentences-les-plus-remarquables-traduites-du-grec-par-j-g-de-chauffepie%2F\" target=\"_blank\" rel=\"noopener nofollow\"><span class=\"icon\"><\/span><span class=\"text\">Share<\/span><\/a><a  class=\"mashicon-twitter mash-large mash-center mashsb-noshadow\" href=\"https:\/\/twitter.com\/intent\/tweet?text=&url=https:\/\/www.elibron.com\/catalog\/product\/les-vies-des-plus-illustres-philosophes-de-lantiquite-avec-leurs-dogmes-leurs-systemes-leur-morale-et-leurs-sentences-les-plus-remarquables-traduites-du-grec-par-j-g-de-chauffepie\/&via=ElibronBooks\" target=\"_blank\" rel=\"noopener nofollow\"><span class=\"icon\"><\/span><span class=\"text\">Tweet<\/span><\/a><div class=\"onoffswitch2 mash-large mashsb-noshadow\" style=\"display:none;\"><\/div><\/div>\r\n            <\/div>\r\n                <div style=\"clear:both;\"><\/div><div class=\"mashsb-toggle-container\"><\/div><\/aside>\r\n            <!-- Share buttons by mashshare.net - Version: 3.5.7-->","protected":false},"excerpt":{"rendered":"","protected":false},"featured_media":26883,"comment_status":"closed","ping_status":"open","template":"","meta":{"_acf_changed":false,"jetpack_post_was_ever_published":false,"jetpack_publicize_message":"","jetpack_publicize_feature_enabled":true,"jetpack_social_post_already_shared":false,"jetpack_social_options":{"image_generator_settings":{"template":"highway","enabled":false},"version":2}},"product_brand":[],"product_cat":[2385,2344,6,2354,2361,2353],"product_tag":[145,53,69,84,68],"class_list":{"0":"post-26882","1":"product","2":"type-product","3":"status-publish","4":"has-post-thumbnail","6":"product_cat-ancient-and-hellenistic","7":"product_cat-biography-memoir-books","8":"product_cat-books","9":"product_cat-philosophers-books","10":"product_cat-philosophy-books","11":"product_cat-religious-books","12":"product_tag-ancient-and-hellenistic","13":"product_tag-biography-memoir","14":"product_tag-philosophers","15":"product_tag-philosophy","16":"product_tag-religious","18":"first","19":"instock","20":"purchasable","21":"product-type-simple"},"jetpack_publicize_connections":[],"acf":[],"jetpack_sharing_enabled":true,"_links":{"self":[{"href":"https:\/\/www.elibron.com\/catalog\/wp-json\/wp\/v2\/product\/26882","targetHints":{"allow":["GET"]}}],"collection":[{"href":"https:\/\/www.elibron.com\/catalog\/wp-json\/wp\/v2\/product"}],"about":[{"href":"https:\/\/www.elibron.com\/catalog\/wp-json\/wp\/v2\/types\/product"}],"replies":[{"embeddable":true,"href":"https:\/\/www.elibron.com\/catalog\/wp-json\/wp\/v2\/comments?post=26882"}],"wp:featuredmedia":[{"embeddable":true,"href":"https:\/\/www.elibron.com\/catalog\/wp-json\/wp\/v2\/media\/26883"}],"wp:attachment":[{"href":"https:\/\/www.elibron.com\/catalog\/wp-json\/wp\/v2\/media?parent=26882"}],"wp:term":[{"taxonomy":"product_brand","embeddable":true,"href":"https:\/\/www.elibron.com\/catalog\/wp-json\/wp\/v2\/product_brand?post=26882"},{"taxonomy":"product_cat","embeddable":true,"href":"https:\/\/www.elibron.com\/catalog\/wp-json\/wp\/v2\/product_cat?post=26882"},{"taxonomy":"product_tag","embeddable":true,"href":"https:\/\/www.elibron.com\/catalog\/wp-json\/wp\/v2\/product_tag?post=26882"}],"curies":[{"name":"wp","href":"https:\/\/api.w.org\/{rel}","templated":true}]}}