{"id":25692,"date":"2017-04-03T16:46:52","date_gmt":"2017-04-03T16:46:52","guid":{"rendered":"https:\/\/www.elibron.com\/catalog\/product\/histoire-du-canada-de-son-eglise-et-de-ses-missions-depuis-la-decouverte-de-lamerique-jusqua-nos-jours-ecrite-sur-des-documents-inedits-compulses-dans-les-archives-de-larcheveche-et-de-la-ville-d\/"},"modified":"2017-04-06T06:08:58","modified_gmt":"2017-04-06T06:08:58","slug":"histoire-du-canada-de-son-eglise-et-de-ses-missions-depuis-la-decouverte-de-lamerique-jusqua-nos-jours-ecrite-sur-des-documents-inedits-compulses-dans-les-archives-de-larcheveche-et-de-la-ville-d","status":"publish","type":"product","link":"https:\/\/www.elibron.com\/catalog\/product\/histoire-du-canada-de-son-eglise-et-de-ses-missions-depuis-la-decouverte-de-lamerique-jusqua-nos-jours-ecrite-sur-des-documents-inedits-compulses-dans-les-archives-de-larcheveche-et-de-la-ville-d\/","title":{"rendered":"Histoire du Canada, de son \u00e9glise et de ses missions depuis la d\u00e9couverte de l&#8217;Am\u00e9rique jusqu&#8217;\u00e0 nos jours. \u00c9crite sur des documents in\u00e9dits compuls\u00e9s dans les archives de l&#8217;archev\u00each\u00e9 et de la ville de Qu\u00e9bec. Tome 1"},"content":{"rendered":"<aside class=\"mashsb-container mashsb-main mashsb-stretched\"><div class=\"mashsb-box\"><div class=\"mashsb-buttons\"><a  class=\"mashicon-facebook mash-large mash-center mashsb-noshadow\" href=\"https:\/\/www.facebook.com\/sharer.php?u=https%3A%2F%2Fwww.elibron.com%2Fcatalog%2Fproduct%2Fhistoire-du-canada-de-son-eglise-et-de-ses-missions-depuis-la-decouverte-de-lamerique-jusqua-nos-jours-ecrite-sur-des-documents-inedits-compulses-dans-les-archives-de-larcheveche-et-de-la-ville-d%2F\" target=\"_blank\" rel=\"noopener nofollow\"><span class=\"icon\"><\/span><span class=\"text\">Share<\/span><\/a><a  class=\"mashicon-twitter mash-large mash-center mashsb-noshadow\" href=\"https:\/\/twitter.com\/intent\/tweet?text=&url=https:\/\/www.elibron.com\/catalog\/product\/histoire-du-canada-de-son-eglise-et-de-ses-missions-depuis-la-decouverte-de-lamerique-jusqua-nos-jours-ecrite-sur-des-documents-inedits-compulses-dans-les-archives-de-larcheveche-et-de-la-ville-d\/&via=ElibronBooks\" target=\"_blank\" rel=\"noopener nofollow\"><span class=\"icon\"><\/span><span class=\"text\">Tweet<\/span><\/a><div class=\"onoffswitch2 mash-large mashsb-noshadow\" style=\"display:none;\"><\/div><\/div>\r\n            <\/div>\r\n                <div style=\"clear:both;\"><\/div><div class=\"mashsb-toggle-container\"><\/div><\/aside>\r\n            <!-- Share buttons by mashshare.net - Version: 3.5.7-->","protected":false},"excerpt":{"rendered":"","protected":false},"featured_media":25693,"comment_status":"closed","ping_status":"open","template":"","meta":{"_acf_changed":false,"jetpack_post_was_ever_published":false,"jetpack_publicize_message":"","jetpack_publicize_feature_enabled":true,"jetpack_social_post_already_shared":false,"jetpack_social_options":{"image_generator_settings":{"template":"highway","enabled":false},"version":2}},"product_brand":[],"product_cat":[6,2355,2424],"product_tag":[74,355],"class_list":{"0":"post-25692","1":"product","2":"type-product","3":"status-publish","4":"has-post-thumbnail","6":"product_cat-books","7":"product_cat-history-books","8":"product_cat-usa-canada-books","9":"product_tag-history","10":"product_tag-usa-canada","12":"first","13":"instock","14":"purchasable","15":"product-type-simple"},"jetpack_publicize_connections":[],"acf":[],"jetpack_sharing_enabled":true,"_links":{"self":[{"href":"https:\/\/www.elibron.com\/catalog\/wp-json\/wp\/v2\/product\/25692","targetHints":{"allow":["GET"]}}],"collection":[{"href":"https:\/\/www.elibron.com\/catalog\/wp-json\/wp\/v2\/product"}],"about":[{"href":"https:\/\/www.elibron.com\/catalog\/wp-json\/wp\/v2\/types\/product"}],"replies":[{"embeddable":true,"href":"https:\/\/www.elibron.com\/catalog\/wp-json\/wp\/v2\/comments?post=25692"}],"wp:featuredmedia":[{"embeddable":true,"href":"https:\/\/www.elibron.com\/catalog\/wp-json\/wp\/v2\/media\/25693"}],"wp:attachment":[{"href":"https:\/\/www.elibron.com\/catalog\/wp-json\/wp\/v2\/media?parent=25692"}],"wp:term":[{"taxonomy":"product_brand","embeddable":true,"href":"https:\/\/www.elibron.com\/catalog\/wp-json\/wp\/v2\/product_brand?post=25692"},{"taxonomy":"product_cat","embeddable":true,"href":"https:\/\/www.elibron.com\/catalog\/wp-json\/wp\/v2\/product_cat?post=25692"},{"taxonomy":"product_tag","embeddable":true,"href":"https:\/\/www.elibron.com\/catalog\/wp-json\/wp\/v2\/product_tag?post=25692"}],"curies":[{"name":"wp","href":"https:\/\/api.w.org\/{rel}","templated":true}]}}