{"id":25140,"date":"2017-04-03T16:37:48","date_gmt":"2017-04-03T16:37:48","guid":{"rendered":"https:\/\/www.elibron.com\/catalog\/product\/kurze-vergleichende-grammatik-der-indogermanischen-sprachen-auf-grund-des-funfbandigen-grundrisses-der-vergleichenden-grammatik-der-indogermanischen-sprachen-von-k-brugmann-und-b-delbruck-verfass\/"},"modified":"2017-04-06T06:03:53","modified_gmt":"2017-04-06T06:03:53","slug":"kurze-vergleichende-grammatik-der-indogermanischen-sprachen-auf-grund-des-funfbandigen-grundrisses-der-vergleichenden-grammatik-der-indogermanischen-sprachen-von-k-brugmann-und-b-delbruck-verfass","status":"publish","type":"product","link":"https:\/\/www.elibron.com\/catalog\/product\/kurze-vergleichende-grammatik-der-indogermanischen-sprachen-auf-grund-des-funfbandigen-grundrisses-der-vergleichenden-grammatik-der-indogermanischen-sprachen-von-k-brugmann-und-b-delbruck-verfass\/","title":{"rendered":"Kurze vergleichende Grammatik der indogermanischen Sprachen. Auf Grund des f\u00fcnfb\u00e4ndigen &#8216;Grundrisses der vergleichenden Grammatik der indogermanischen Sprachen von K. Brugmann und B. Delbr\u00fcck&#8217; verfasst"},"content":{"rendered":"<aside class=\"mashsb-container mashsb-main mashsb-stretched\"><div class=\"mashsb-box\"><div class=\"mashsb-buttons\"><a  class=\"mashicon-facebook mash-large mash-center mashsb-noshadow\" href=\"https:\/\/www.facebook.com\/sharer.php?u=https%3A%2F%2Fwww.elibron.com%2Fcatalog%2Fproduct%2Fkurze-vergleichende-grammatik-der-indogermanischen-sprachen-auf-grund-des-funfbandigen-grundrisses-der-vergleichenden-grammatik-der-indogermanischen-sprachen-von-k-brugmann-und-b-delbruck-verfass%2F\" target=\"_blank\" rel=\"noopener nofollow\"><span class=\"icon\"><\/span><span class=\"text\">Share<\/span><\/a><a  class=\"mashicon-twitter mash-large mash-center mashsb-noshadow\" href=\"https:\/\/twitter.com\/intent\/tweet?text=&url=https:\/\/www.elibron.com\/catalog\/product\/kurze-vergleichende-grammatik-der-indogermanischen-sprachen-auf-grund-des-funfbandigen-grundrisses-der-vergleichenden-grammatik-der-indogermanischen-sprachen-von-k-brugmann-und-b-delbruck-verfass\/&via=ElibronBooks\" target=\"_blank\" rel=\"noopener nofollow\"><span class=\"icon\"><\/span><span class=\"text\">Tweet<\/span><\/a><div class=\"onoffswitch2 mash-large mashsb-noshadow\" style=\"display:none;\"><\/div><\/div>\r\n            <\/div>\r\n                <div style=\"clear:both;\"><\/div><div class=\"mashsb-toggle-container\"><\/div><\/aside>\r\n            <!-- Share buttons by mashshare.net - Version: 3.5.7-->","protected":false},"excerpt":{"rendered":"","protected":false},"featured_media":25141,"comment_status":"closed","ping_status":"open","template":"","meta":{"_acf_changed":false,"jetpack_post_was_ever_published":false,"jetpack_publicize_message":"","jetpack_publicize_feature_enabled":true,"jetpack_social_post_already_shared":false,"jetpack_social_options":{"image_generator_settings":{"template":"highway","enabled":false},"version":2}},"product_brand":[],"product_cat":[6,2376,2412],"product_tag":[125,219],"class_list":{"0":"post-25140","1":"product","2":"type-product","3":"status-publish","4":"has-post-thumbnail","6":"product_cat-books","7":"product_cat-language-books","8":"product_cat-textbooks-self-study-books","9":"product_tag-language","10":"product_tag-textbooks-self-study","12":"first","13":"instock","14":"purchasable","15":"product-type-simple"},"jetpack_publicize_connections":[],"acf":[],"jetpack_sharing_enabled":true,"_links":{"self":[{"href":"https:\/\/www.elibron.com\/catalog\/wp-json\/wp\/v2\/product\/25140","targetHints":{"allow":["GET"]}}],"collection":[{"href":"https:\/\/www.elibron.com\/catalog\/wp-json\/wp\/v2\/product"}],"about":[{"href":"https:\/\/www.elibron.com\/catalog\/wp-json\/wp\/v2\/types\/product"}],"replies":[{"embeddable":true,"href":"https:\/\/www.elibron.com\/catalog\/wp-json\/wp\/v2\/comments?post=25140"}],"wp:featuredmedia":[{"embeddable":true,"href":"https:\/\/www.elibron.com\/catalog\/wp-json\/wp\/v2\/media\/25141"}],"wp:attachment":[{"href":"https:\/\/www.elibron.com\/catalog\/wp-json\/wp\/v2\/media?parent=25140"}],"wp:term":[{"taxonomy":"product_brand","embeddable":true,"href":"https:\/\/www.elibron.com\/catalog\/wp-json\/wp\/v2\/product_brand?post=25140"},{"taxonomy":"product_cat","embeddable":true,"href":"https:\/\/www.elibron.com\/catalog\/wp-json\/wp\/v2\/product_cat?post=25140"},{"taxonomy":"product_tag","embeddable":true,"href":"https:\/\/www.elibron.com\/catalog\/wp-json\/wp\/v2\/product_tag?post=25140"}],"curies":[{"name":"wp","href":"https:\/\/api.w.org\/{rel}","templated":true}]}}