{"id":24546,"date":"2017-04-03T16:27:39","date_gmt":"2017-04-03T16:27:39","guid":{"rendered":"https:\/\/www.elibron.com\/catalog\/product\/description-physique-et-naturelle-de-lile-de-crete-itineraires-histoire-population-agriculture-industrie-commerce-geographie-physique-et-mathematique-physique-du-sol-meteorologie-geologie\/"},"modified":"2017-04-06T05:58:27","modified_gmt":"2017-04-06T05:58:27","slug":"description-physique-et-naturelle-de-lile-de-crete-itineraires-histoire-population-agriculture-industrie-commerce-geographie-physique-et-mathematique-physique-du-sol-meteorologie-geologie","status":"publish","type":"product","link":"https:\/\/www.elibron.com\/catalog\/product\/description-physique-et-naturelle-de-lile-de-crete-itineraires-histoire-population-agriculture-industrie-commerce-geographie-physique-et-mathematique-physique-du-sol-meteorologie-geologie\/","title":{"rendered":"Description physique et naturelle de l&#8217;\u00eele de Cr\u00e8te. Itin\u00e9raires, histoire, population, agriculture, industrie, commerce, g\u00e9ographie physique et math\u00e9matique, physique du sol, m\u00e9t\u00e9orologie, g\u00e9ologie, botanique, zoologie. Tome 1"},"content":{"rendered":"<aside class=\"mashsb-container mashsb-main mashsb-stretched\"><div class=\"mashsb-box\"><div class=\"mashsb-buttons\"><a  class=\"mashicon-facebook mash-large mash-center mashsb-noshadow\" href=\"https:\/\/www.facebook.com\/sharer.php?u=https%3A%2F%2Fwww.elibron.com%2Fcatalog%2Fproduct%2Fdescription-physique-et-naturelle-de-lile-de-crete-itineraires-histoire-population-agriculture-industrie-commerce-geographie-physique-et-mathematique-physique-du-sol-meteorologie-geologie%2F\" target=\"_blank\" rel=\"noopener nofollow\"><span class=\"icon\"><\/span><span class=\"text\">Share<\/span><\/a><a  class=\"mashicon-twitter mash-large mash-center mashsb-noshadow\" href=\"https:\/\/twitter.com\/intent\/tweet?text=&url=https:\/\/www.elibron.com\/catalog\/product\/description-physique-et-naturelle-de-lile-de-crete-itineraires-histoire-population-agriculture-industrie-commerce-geographie-physique-et-mathematique-physique-du-sol-meteorologie-geologie\/&via=ElibronBooks\" target=\"_blank\" rel=\"noopener nofollow\"><span class=\"icon\"><\/span><span class=\"text\">Tweet<\/span><\/a><div class=\"onoffswitch2 mash-large mashsb-noshadow\" style=\"display:none;\"><\/div><\/div>\r\n            <\/div>\r\n                <div style=\"clear:both;\"><\/div><div class=\"mashsb-toggle-container\"><\/div><\/aside>\r\n            <!-- Share buttons by mashshare.net - Version: 3.5.7-->","protected":false},"excerpt":{"rendered":"","protected":false},"featured_media":24547,"comment_status":"closed","ping_status":"open","template":"","meta":{"_acf_changed":false,"jetpack_post_was_ever_published":false,"jetpack_publicize_message":"","jetpack_publicize_feature_enabled":true,"jetpack_social_post_already_shared":false,"jetpack_social_options":{"image_generator_settings":{"template":"highway","enabled":false},"version":2}},"product_brand":[],"product_cat":[6,2358,2378,2392,2418,2391,2393,2365,2357,2359,2379],"product_tag":[76,128,170,233,169,171,91,193,77,129],"class_list":{"0":"post-24546","1":"product","2":"type-product","3":"status-publish","4":"has-post-thumbnail","6":"product_cat-books","7":"product_cat-countries-maps-books","8":"product_cat-customs-traditions-of-nations-books","9":"product_cat-geochemistry-books","10":"product_cat-geography-books","11":"product_cat-geology-books","12":"product_cat-geophysics-seismology-books","13":"product_cat-sciences-books","14":"product_cat-travel-books","15":"product_cat-travel-guides-books","16":"product_cat-travel-stories-books","17":"product_tag-countries-maps","18":"product_tag-customs-traditions-of-nations","19":"product_tag-geochemistry","20":"product_tag-geography","21":"product_tag-geology","22":"product_tag-geophysics-seismology","23":"product_tag-sciences","24":"product_tag-travel","25":"product_tag-travel-guides","26":"product_tag-travel-stories","28":"first","29":"instock","30":"purchasable","31":"product-type-simple"},"jetpack_publicize_connections":[],"acf":[],"jetpack_sharing_enabled":true,"_links":{"self":[{"href":"https:\/\/www.elibron.com\/catalog\/wp-json\/wp\/v2\/product\/24546","targetHints":{"allow":["GET"]}}],"collection":[{"href":"https:\/\/www.elibron.com\/catalog\/wp-json\/wp\/v2\/product"}],"about":[{"href":"https:\/\/www.elibron.com\/catalog\/wp-json\/wp\/v2\/types\/product"}],"replies":[{"embeddable":true,"href":"https:\/\/www.elibron.com\/catalog\/wp-json\/wp\/v2\/comments?post=24546"}],"wp:featuredmedia":[{"embeddable":true,"href":"https:\/\/www.elibron.com\/catalog\/wp-json\/wp\/v2\/media\/24547"}],"wp:attachment":[{"href":"https:\/\/www.elibron.com\/catalog\/wp-json\/wp\/v2\/media?parent=24546"}],"wp:term":[{"taxonomy":"product_brand","embeddable":true,"href":"https:\/\/www.elibron.com\/catalog\/wp-json\/wp\/v2\/product_brand?post=24546"},{"taxonomy":"product_cat","embeddable":true,"href":"https:\/\/www.elibron.com\/catalog\/wp-json\/wp\/v2\/product_cat?post=24546"},{"taxonomy":"product_tag","embeddable":true,"href":"https:\/\/www.elibron.com\/catalog\/wp-json\/wp\/v2\/product_tag?post=24546"}],"curies":[{"name":"wp","href":"https:\/\/api.w.org\/{rel}","templated":true}]}}