{"id":21527,"date":"2017-04-03T15:38:18","date_gmt":"2017-04-03T15:38:18","guid":{"rendered":"https:\/\/www.elibron.com\/catalog\/product\/les-codes-du-congo-suivis-des-decrets-ordonnances-et-arretes-complementaires-mis-en-ordre-et-annotes-dapres-leur-concordance-avec-les-codes-et-les-textes-du-droit-belge-publ-de-louis-hebette-et\/"},"modified":"2017-04-06T05:30:34","modified_gmt":"2017-04-06T05:30:34","slug":"les-codes-du-congo-suivis-des-decrets-ordonnances-et-arretes-complementaires-mis-en-ordre-et-annotes-dapres-leur-concordance-avec-les-codes-et-les-textes-du-droit-belge-publ-de-louis-hebette-et","status":"publish","type":"product","link":"https:\/\/www.elibron.com\/catalog\/product\/les-codes-du-congo-suivis-des-decrets-ordonnances-et-arretes-complementaires-mis-en-ordre-et-annotes-dapres-leur-concordance-avec-les-codes-et-les-textes-du-droit-belge-publ-de-louis-hebette-et\/","title":{"rendered":"Les codes du Congo suivis des d\u00e9crets , ordonnances et arr\u00eat\u00e9s compl\u00e9mentaires. Mis en ordre et annot\u00e9s d&#8217;apr\u00e8s leur concordance avec les codes et les textes du droit belge. Publ. de Louis H\u00e9bette et Lambert Petit"},"content":{"rendered":"<aside class=\"mashsb-container mashsb-main mashsb-stretched\"><div class=\"mashsb-box\"><div class=\"mashsb-buttons\"><a  class=\"mashicon-facebook mash-large mash-center mashsb-noshadow\" href=\"https:\/\/www.facebook.com\/sharer.php?u=https%3A%2F%2Fwww.elibron.com%2Fcatalog%2Fproduct%2Fles-codes-du-congo-suivis-des-decrets-ordonnances-et-arretes-complementaires-mis-en-ordre-et-annotes-dapres-leur-concordance-avec-les-codes-et-les-textes-du-droit-belge-publ-de-louis-hebette-et%2F\" target=\"_blank\" rel=\"noopener nofollow\"><span class=\"icon\"><\/span><span class=\"text\">Share<\/span><\/a><a  class=\"mashicon-twitter mash-large mash-center mashsb-noshadow\" href=\"https:\/\/twitter.com\/intent\/tweet?text=&url=https:\/\/www.elibron.com\/catalog\/product\/les-codes-du-congo-suivis-des-decrets-ordonnances-et-arretes-complementaires-mis-en-ordre-et-annotes-dapres-leur-concordance-avec-les-codes-et-les-textes-du-droit-belge-publ-de-louis-hebette-et\/&via=ElibronBooks\" target=\"_blank\" rel=\"noopener nofollow\"><span class=\"icon\"><\/span><span class=\"text\">Tweet<\/span><\/a><div class=\"onoffswitch2 mash-large mashsb-noshadow\" style=\"display:none;\"><\/div><\/div>\r\n            <\/div>\r\n                <div style=\"clear:both;\"><\/div><div class=\"mashsb-toggle-container\"><\/div><\/aside>\r\n            <!-- Share buttons by mashshare.net - Version: 3.5.7-->","protected":false},"excerpt":{"rendered":"","protected":false},"featured_media":21528,"comment_status":"closed","ping_status":"open","template":"","meta":{"_acf_changed":false,"jetpack_post_was_ever_published":false,"jetpack_publicize_message":"","jetpack_publicize_feature_enabled":true,"jetpack_social_post_already_shared":false,"jetpack_social_options":{"image_generator_settings":{"template":"highway","enabled":false},"version":2}},"product_brand":[],"product_cat":[2420,6,2340],"product_tag":[239,17],"class_list":{"0":"post-21527","1":"product","2":"type-product","3":"status-publish","4":"has-post-thumbnail","6":"product_cat-administrative","7":"product_cat-books","8":"product_cat-law-books","9":"product_tag-administrative","10":"product_tag-law","12":"first","13":"instock","14":"purchasable","15":"product-type-simple"},"jetpack_publicize_connections":[],"acf":[],"jetpack_sharing_enabled":true,"_links":{"self":[{"href":"https:\/\/www.elibron.com\/catalog\/wp-json\/wp\/v2\/product\/21527","targetHints":{"allow":["GET"]}}],"collection":[{"href":"https:\/\/www.elibron.com\/catalog\/wp-json\/wp\/v2\/product"}],"about":[{"href":"https:\/\/www.elibron.com\/catalog\/wp-json\/wp\/v2\/types\/product"}],"replies":[{"embeddable":true,"href":"https:\/\/www.elibron.com\/catalog\/wp-json\/wp\/v2\/comments?post=21527"}],"wp:featuredmedia":[{"embeddable":true,"href":"https:\/\/www.elibron.com\/catalog\/wp-json\/wp\/v2\/media\/21528"}],"wp:attachment":[{"href":"https:\/\/www.elibron.com\/catalog\/wp-json\/wp\/v2\/media?parent=21527"}],"wp:term":[{"taxonomy":"product_brand","embeddable":true,"href":"https:\/\/www.elibron.com\/catalog\/wp-json\/wp\/v2\/product_brand?post=21527"},{"taxonomy":"product_cat","embeddable":true,"href":"https:\/\/www.elibron.com\/catalog\/wp-json\/wp\/v2\/product_cat?post=21527"},{"taxonomy":"product_tag","embeddable":true,"href":"https:\/\/www.elibron.com\/catalog\/wp-json\/wp\/v2\/product_tag?post=21527"}],"curies":[{"name":"wp","href":"https:\/\/api.w.org\/{rel}","templated":true}]}}