{"id":15369,"date":"2017-04-03T14:01:27","date_gmt":"2017-04-03T14:01:27","guid":{"rendered":"https:\/\/www.elibron.com\/catalog\/product\/traduction-danciens-ouvrages-latins-relatifs-a-lagriculture-et-a-la-medecine-veterinaire-avec-des-notes-par-m-saboureux-de-la-bonnetrie-etc-tome-1-leconomie-rurale-de-caton\/"},"modified":"2017-04-06T04:33:41","modified_gmt":"2017-04-06T04:33:41","slug":"traduction-danciens-ouvrages-latins-relatifs-a-lagriculture-et-a-la-medecine-veterinaire-avec-des-notes-par-m-saboureux-de-la-bonnetrie-etc-tome-1-leconomie-rurale-de-caton","status":"publish","type":"product","link":"https:\/\/www.elibron.com\/catalog\/product\/traduction-danciens-ouvrages-latins-relatifs-a-lagriculture-et-a-la-medecine-veterinaire-avec-des-notes-par-m-saboureux-de-la-bonnetrie-etc-tome-1-leconomie-rurale-de-caton\/","title":{"rendered":"Traduction d&#8217;anciens ouvrages latins relatifs \u00e0 l&#8217;agriculture et \u00e0 la m\u00e9decine v\u00e9t\u00e9rinaire. Avec des notes par M. Saboureux de la Bonnetrie; etc. Tome 1. L&#8217;\u00e9conomie rurale de Caton"},"content":{"rendered":"<aside class=\"mashsb-container mashsb-main mashsb-stretched\"><div class=\"mashsb-box\"><div class=\"mashsb-buttons\"><a  class=\"mashicon-facebook mash-large mash-center mashsb-noshadow\" href=\"https:\/\/www.facebook.com\/sharer.php?u=https%3A%2F%2Fwww.elibron.com%2Fcatalog%2Fproduct%2Ftraduction-danciens-ouvrages-latins-relatifs-a-lagriculture-et-a-la-medecine-veterinaire-avec-des-notes-par-m-saboureux-de-la-bonnetrie-etc-tome-1-leconomie-rurale-de-caton%2F\" target=\"_blank\" rel=\"noopener nofollow\"><span class=\"icon\"><\/span><span class=\"text\">Share<\/span><\/a><a  class=\"mashicon-twitter mash-large mash-center mashsb-noshadow\" href=\"https:\/\/twitter.com\/intent\/tweet?text=&url=https:\/\/www.elibron.com\/catalog\/product\/traduction-danciens-ouvrages-latins-relatifs-a-lagriculture-et-a-la-medecine-veterinaire-avec-des-notes-par-m-saboureux-de-la-bonnetrie-etc-tome-1-leconomie-rurale-de-caton\/&via=ElibronBooks\" target=\"_blank\" rel=\"noopener nofollow\"><span class=\"icon\"><\/span><span class=\"text\">Tweet<\/span><\/a><div class=\"onoffswitch2 mash-large mashsb-noshadow\" style=\"display:none;\"><\/div><\/div>\r\n            <\/div>\r\n                <div style=\"clear:both;\"><\/div><div class=\"mashsb-toggle-container\"><\/div><\/aside>\r\n            <!-- Share buttons by mashshare.net - Version: 3.5.7-->","protected":false},"excerpt":{"rendered":"","protected":false},"featured_media":15370,"comment_status":"closed","ping_status":"open","template":"","meta":{"_acf_changed":false,"jetpack_post_was_ever_published":false,"jetpack_publicize_message":"","jetpack_publicize_feature_enabled":true,"jetpack_social_post_already_shared":false,"jetpack_social_options":{"image_generator_settings":{"template":"highway","enabled":false},"version":2}},"product_brand":[],"product_cat":[2535,2409,6,2410,2355,2396,2365,2554],"product_tag":[955,214,236,74,178,91,1251],"class_list":{"0":"post-15369","1":"product","2":"type-product","3":"status-publish","4":"has-post-thumbnail","6":"product_cat-agricultural-science","7":"product_cat-ancient-history","8":"product_cat-books","9":"product_cat-general-books","10":"product_cat-history-books","11":"product_cat-medicine-health-care-books","12":"product_cat-sciences-books","13":"product_cat-veterinary-medicine-books","14":"product_tag-agricultural-science","15":"product_tag-ancient-history","16":"product_tag-general","17":"product_tag-history","18":"product_tag-medicine-health-care","19":"product_tag-sciences","20":"product_tag-veterinary-medicine","22":"first","23":"instock","24":"purchasable","25":"product-type-simple"},"jetpack_publicize_connections":[],"acf":[],"jetpack_sharing_enabled":true,"_links":{"self":[{"href":"https:\/\/www.elibron.com\/catalog\/wp-json\/wp\/v2\/product\/15369","targetHints":{"allow":["GET"]}}],"collection":[{"href":"https:\/\/www.elibron.com\/catalog\/wp-json\/wp\/v2\/product"}],"about":[{"href":"https:\/\/www.elibron.com\/catalog\/wp-json\/wp\/v2\/types\/product"}],"replies":[{"embeddable":true,"href":"https:\/\/www.elibron.com\/catalog\/wp-json\/wp\/v2\/comments?post=15369"}],"wp:featuredmedia":[{"embeddable":true,"href":"https:\/\/www.elibron.com\/catalog\/wp-json\/wp\/v2\/media\/15370"}],"wp:attachment":[{"href":"https:\/\/www.elibron.com\/catalog\/wp-json\/wp\/v2\/media?parent=15369"}],"wp:term":[{"taxonomy":"product_brand","embeddable":true,"href":"https:\/\/www.elibron.com\/catalog\/wp-json\/wp\/v2\/product_brand?post=15369"},{"taxonomy":"product_cat","embeddable":true,"href":"https:\/\/www.elibron.com\/catalog\/wp-json\/wp\/v2\/product_cat?post=15369"},{"taxonomy":"product_tag","embeddable":true,"href":"https:\/\/www.elibron.com\/catalog\/wp-json\/wp\/v2\/product_tag?post=15369"}],"curies":[{"name":"wp","href":"https:\/\/api.w.org\/{rel}","templated":true}]}}