{"id":12621,"date":"2017-04-03T13:20:04","date_gmt":"2017-04-03T13:20:04","guid":{"rendered":"https:\/\/www.elibron.com\/catalog\/product\/tunis-lorient-africain-arabes-maures-kabyles-juifs-levantins-scenes-de-moeurs-interieurs-maures-et-israelites-noces-serail-harems-musiciens-almees-villegiature-orientale\/"},"modified":"2017-04-06T04:08:38","modified_gmt":"2017-04-06T04:08:38","slug":"tunis-lorient-africain-arabes-maures-kabyles-juifs-levantins-scenes-de-moeurs-interieurs-maures-et-israelites-noces-serail-harems-musiciens-almees-villegiature-orientale","status":"publish","type":"product","link":"https:\/\/www.elibron.com\/catalog\/product\/tunis-lorient-africain-arabes-maures-kabyles-juifs-levantins-scenes-de-moeurs-interieurs-maures-et-israelites-noces-serail-harems-musiciens-almees-villegiature-orientale\/","title":{"rendered":"Tunis. L&#8217;orient africain &#8211; Arabes &#8211; Maures &#8211; Kabyles &#8211; Juifs &#8211; Levantins &#8211; sc\u00e8nes de Moeurs &#8211; int\u00e9rieurs maures et isra\u00e9lites &#8211; noces &#8211; s\u00e9rail &#8211; harems &#8211; musiciens &#8211; alm\u00e9es &#8211; vill\u00e9giature orientale &#8211; Carthage"},"content":{"rendered":"<aside class=\"mashsb-container mashsb-main mashsb-stretched\"><div class=\"mashsb-box\"><div class=\"mashsb-buttons\"><a  class=\"mashicon-facebook mash-large mash-center mashsb-noshadow\" href=\"https:\/\/www.facebook.com\/sharer.php?u=https%3A%2F%2Fwww.elibron.com%2Fcatalog%2Fproduct%2Ftunis-lorient-africain-arabes-maures-kabyles-juifs-levantins-scenes-de-moeurs-interieurs-maures-et-israelites-noces-serail-harems-musiciens-almees-villegiature-orientale%2F\" target=\"_blank\" rel=\"noopener nofollow\"><span class=\"icon\"><\/span><span class=\"text\">Share<\/span><\/a><a  class=\"mashicon-twitter mash-large mash-center mashsb-noshadow\" href=\"https:\/\/twitter.com\/intent\/tweet?text=&url=https:\/\/www.elibron.com\/catalog\/product\/tunis-lorient-africain-arabes-maures-kabyles-juifs-levantins-scenes-de-moeurs-interieurs-maures-et-israelites-noces-serail-harems-musiciens-almees-villegiature-orientale\/&via=ElibronBooks\" target=\"_blank\" rel=\"noopener nofollow\"><span class=\"icon\"><\/span><span class=\"text\">Tweet<\/span><\/a><div class=\"onoffswitch2 mash-large mashsb-noshadow\" style=\"display:none;\"><\/div><\/div>\r\n            <\/div>\r\n                <div style=\"clear:both;\"><\/div><div class=\"mashsb-toggle-container\"><\/div><\/aside>\r\n            <!-- Share buttons by mashshare.net - Version: 3.5.7-->","protected":false},"excerpt":{"rendered":"","protected":false},"featured_media":12622,"comment_status":"closed","ping_status":"open","template":"","meta":{"_acf_changed":false,"jetpack_post_was_ever_published":false,"jetpack_publicize_message":"","jetpack_publicize_feature_enabled":true,"jetpack_social_post_already_shared":false,"jetpack_social_options":{"image_generator_settings":{"template":"highway","enabled":false},"version":2}},"product_brand":[],"product_cat":[2430,6,2358,2378,2355,2357,2379],"product_tag":[270,76,128,74,193,129],"class_list":{"0":"post-12621","1":"product","2":"type-product","3":"status-publish","4":"has-post-thumbnail","6":"product_cat-africa","7":"product_cat-books","8":"product_cat-countries-maps-books","9":"product_cat-customs-traditions-of-nations-books","10":"product_cat-history-books","11":"product_cat-travel-books","12":"product_cat-travel-stories-books","13":"product_tag-africa","14":"product_tag-countries-maps","15":"product_tag-customs-traditions-of-nations","16":"product_tag-history","17":"product_tag-travel","18":"product_tag-travel-stories","20":"first","21":"instock","22":"purchasable","23":"product-type-simple"},"jetpack_publicize_connections":[],"acf":[],"jetpack_sharing_enabled":true,"_links":{"self":[{"href":"https:\/\/www.elibron.com\/catalog\/wp-json\/wp\/v2\/product\/12621","targetHints":{"allow":["GET"]}}],"collection":[{"href":"https:\/\/www.elibron.com\/catalog\/wp-json\/wp\/v2\/product"}],"about":[{"href":"https:\/\/www.elibron.com\/catalog\/wp-json\/wp\/v2\/types\/product"}],"replies":[{"embeddable":true,"href":"https:\/\/www.elibron.com\/catalog\/wp-json\/wp\/v2\/comments?post=12621"}],"wp:featuredmedia":[{"embeddable":true,"href":"https:\/\/www.elibron.com\/catalog\/wp-json\/wp\/v2\/media\/12622"}],"wp:attachment":[{"href":"https:\/\/www.elibron.com\/catalog\/wp-json\/wp\/v2\/media?parent=12621"}],"wp:term":[{"taxonomy":"product_brand","embeddable":true,"href":"https:\/\/www.elibron.com\/catalog\/wp-json\/wp\/v2\/product_brand?post=12621"},{"taxonomy":"product_cat","embeddable":true,"href":"https:\/\/www.elibron.com\/catalog\/wp-json\/wp\/v2\/product_cat?post=12621"},{"taxonomy":"product_tag","embeddable":true,"href":"https:\/\/www.elibron.com\/catalog\/wp-json\/wp\/v2\/product_tag?post=12621"}],"curies":[{"name":"wp","href":"https:\/\/api.w.org\/{rel}","templated":true}]}}