{"id":12417,"date":"2017-04-03T13:16:54","date_gmt":"2017-04-03T13:16:54","guid":{"rendered":"https:\/\/www.elibron.com\/catalog\/product\/vingt-cinq-ans-a-paris-1826-1850-journal-du-comte-rodolphe-apponyi-attache-a-lambassade-dautriche-hongrie-a-paris-publie-par-ernest-daudet-tome-1-1826-1830\/"},"modified":"2017-04-06T04:06:43","modified_gmt":"2017-04-06T04:06:43","slug":"vingt-cinq-ans-a-paris-1826-1850-journal-du-comte-rodolphe-apponyi-attache-a-lambassade-dautriche-hongrie-a-paris-publie-par-ernest-daudet-tome-1-1826-1830","status":"publish","type":"product","link":"https:\/\/www.elibron.com\/catalog\/product\/vingt-cinq-ans-a-paris-1826-1850-journal-du-comte-rodolphe-apponyi-attache-a-lambassade-dautriche-hongrie-a-paris-publie-par-ernest-daudet-tome-1-1826-1830\/","title":{"rendered":"Vingt-cinq ans \u00e0 Paris, 1826-1850. Journal du comte Rodolphe Apponyi, attach\u00e9 \u00e0 l&#8217;ambassade d&#8217;Autriche-Hongrie \u00e0 Paris. Publi\u00e9 par Ernest Daudet. Tome 1. 1826-1830"},"content":{"rendered":"<aside class=\"mashsb-container mashsb-main mashsb-stretched\"><div class=\"mashsb-box\"><div class=\"mashsb-buttons\"><a  class=\"mashicon-facebook mash-large mash-center mashsb-noshadow\" href=\"https:\/\/www.facebook.com\/sharer.php?u=https%3A%2F%2Fwww.elibron.com%2Fcatalog%2Fproduct%2Fvingt-cinq-ans-a-paris-1826-1850-journal-du-comte-rodolphe-apponyi-attache-a-lambassade-dautriche-hongrie-a-paris-publie-par-ernest-daudet-tome-1-1826-1830%2F\" target=\"_blank\" rel=\"noopener nofollow\"><span class=\"icon\"><\/span><span class=\"text\">Share<\/span><\/a><a  class=\"mashicon-twitter mash-large mash-center mashsb-noshadow\" href=\"https:\/\/twitter.com\/intent\/tweet?text=&url=https:\/\/www.elibron.com\/catalog\/product\/vingt-cinq-ans-a-paris-1826-1850-journal-du-comte-rodolphe-apponyi-attache-a-lambassade-dautriche-hongrie-a-paris-publie-par-ernest-daudet-tome-1-1826-1830\/&via=ElibronBooks\" target=\"_blank\" rel=\"noopener nofollow\"><span class=\"icon\"><\/span><span class=\"text\">Tweet<\/span><\/a><div class=\"onoffswitch2 mash-large mashsb-noshadow\" style=\"display:none;\"><\/div><\/div>\r\n            <\/div>\r\n                <div style=\"clear:both;\"><\/div><div class=\"mashsb-toggle-container\"><\/div><\/aside>\r\n            <!-- Share buttons by mashshare.net - Version: 3.5.7-->","protected":false},"excerpt":{"rendered":"","protected":false},"featured_media":12418,"comment_status":"closed","ping_status":"open","template":"","meta":{"_acf_changed":false,"jetpack_post_was_ever_published":false,"jetpack_publicize_message":"","jetpack_publicize_feature_enabled":true,"jetpack_social_post_already_shared":false,"jetpack_social_options":{"image_generator_settings":{"template":"highway","enabled":false},"version":2}},"product_brand":[],"product_cat":[6,2358,2378,2356,2355,2479,2366,2357,2379],"product_tag":[76,128,79,74,709,94,193,129],"class_list":{"0":"post-12417","1":"product","2":"type-product","3":"status-publish","4":"has-post-thumbnail","6":"product_cat-books","7":"product_cat-countries-maps-books","8":"product_cat-customs-traditions-of-nations-books","9":"product_cat-europe-books","10":"product_cat-history-books","11":"product_cat-international-relations-books","12":"product_cat-society-social-sciences-books","13":"product_cat-travel-books","14":"product_cat-travel-stories-books","15":"product_tag-countries-maps","16":"product_tag-customs-traditions-of-nations","17":"product_tag-europe","18":"product_tag-history","19":"product_tag-international-relations","20":"product_tag-society-social-sciences","21":"product_tag-travel","22":"product_tag-travel-stories","24":"first","25":"instock","26":"purchasable","27":"product-type-simple"},"jetpack_publicize_connections":[],"acf":[],"jetpack_sharing_enabled":true,"_links":{"self":[{"href":"https:\/\/www.elibron.com\/catalog\/wp-json\/wp\/v2\/product\/12417","targetHints":{"allow":["GET"]}}],"collection":[{"href":"https:\/\/www.elibron.com\/catalog\/wp-json\/wp\/v2\/product"}],"about":[{"href":"https:\/\/www.elibron.com\/catalog\/wp-json\/wp\/v2\/types\/product"}],"replies":[{"embeddable":true,"href":"https:\/\/www.elibron.com\/catalog\/wp-json\/wp\/v2\/comments?post=12417"}],"wp:featuredmedia":[{"embeddable":true,"href":"https:\/\/www.elibron.com\/catalog\/wp-json\/wp\/v2\/media\/12418"}],"wp:attachment":[{"href":"https:\/\/www.elibron.com\/catalog\/wp-json\/wp\/v2\/media?parent=12417"}],"wp:term":[{"taxonomy":"product_brand","embeddable":true,"href":"https:\/\/www.elibron.com\/catalog\/wp-json\/wp\/v2\/product_brand?post=12417"},{"taxonomy":"product_cat","embeddable":true,"href":"https:\/\/www.elibron.com\/catalog\/wp-json\/wp\/v2\/product_cat?post=12417"},{"taxonomy":"product_tag","embeddable":true,"href":"https:\/\/www.elibron.com\/catalog\/wp-json\/wp\/v2\/product_tag?post=12417"}],"curies":[{"name":"wp","href":"https:\/\/api.w.org\/{rel}","templated":true}]}}